{"id":5709,"date":"2020-07-09T00:30:15","date_gmt":"2020-07-09T03:30:15","guid":{"rendered":"https:\/\/flexlan.com.br\/site\/?post_type=product&#038;p=5709"},"modified":"2026-03-11T16:13:08","modified_gmt":"2026-03-11T19:13:08","slug":"ssd-240gb-adata-sata-3-asu630ss240gqr","status":"publish","type":"product","link":"https:\/\/flexlan.com.br\/site\/?product=ssd-240gb-adata-sata-3-asu630ss240gqr","title":{"rendered":"SSD 240GB ADATA SATA 3 ASU630SS240GQR"},"content":{"rendered":"<p>Caracter\u00edsticas:<br \/>\n&#8211; Marca: Adata<br \/>\n&#8211; Modelo: ASU630SS-240GQ-R<\/p>\n<p>Especifica\u00e7\u00f5es:<br \/>\n&#8211; Capacidade: 240GB<br \/>\n&#8211; Interface: SATA 6Gb\/s (SATA III)<br \/>\n&#8211; NAND Flash: 3D NAND<br \/>\n&#8211; Form factor: 2.5\u201d<br \/>\n&#8211; MTBF: 1,500,000 horas<br \/>\n&#8211; Temperatura de Opera\u00e7\u00e3o: 0\u00b0C &#8211; 70\u00b0C<br \/>\n&#8211; Temperatura de Armazenamento: -40\u00b0C &#8211; 85\u00b0C<br \/>\n&#8211; Resist\u00eancia ao choque: 1500G \/ 0.5ms<br \/>\n&#8211; Certifica\u00e7\u00f5es: RoHS, CE, FCC, BSMI, VCCI, KC<br \/>\n&#8211; TBW: 50TB<br \/>\n&#8211; Dimens\u00f5es: 100.45 x 69.85 x 7mm <\/p>\n<p>ATTO:<br \/>\n&#8211; Leitura Seq. (MB\/s): At\u00e9 520<br \/>\n&#8211; Escrita Seq. (MB\/s): At\u00e9 450<\/p>\n<p>CDM-QD32T1:<br \/>\n&#8211; Leitura Seq. (MB\/s): At\u00e9 520<br \/>\n&#8211; Escrita Seq. (MB\/s): At\u00e9 450<\/p>\n<p>AS SSD:<br \/>\n&#8211; Leitura Seq. (MB\/s): At\u00e9 520<br \/>\n&#8211; Escrita Seq. (MB\/s): At\u00e9 400<\/p>\n<p>4K Random:<br \/>\n&#8211; Leitura (IOPS): 30K<br \/>\n&#8211; Escrita (IOPS): 65K<\/p>\n<p>Conte\u00fado da embalagem:<br \/>\n&#8211; SSD Adata SU630 240GB <\/p>\n<p>Garantia<br \/>\n3 anos de garantia<\/p>\n","protected":false},"excerpt":{"rendered":"<p>Tecnologia avan\u00e7ada de corre\u00e7\u00e3o de erros para garantir desempenho e integridade de dados ideais. Para os usu\u00e1rios que desejam experimentar atualiza\u00e7\u00f5es \u00f3bvias do PC, o melhor desempenho de custo do SU 650 \u00e9 a melhor escolha.<\/p>\n","protected":false},"featured_media":5710,"comment_status":"open","ping_status":"closed","template":"","meta":{"site-sidebar-layout":"default","site-content-layout":"","ast-site-content-layout":"","site-content-style":"default","site-sidebar-style":"default","ast-global-header-display":"","ast-banner-title-visibility":"","ast-main-header-display":"","ast-hfb-above-header-display":"","ast-hfb-below-header-display":"","ast-hfb-mobile-header-display":"","site-post-title":"","ast-breadcrumbs-content":"","ast-featured-img":"","footer-sml-layout":"","theme-transparent-header-meta":"","adv-header-id-meta":"","stick-header-meta":"","header-above-stick-meta":"","header-main-stick-meta":"","header-below-stick-meta":"","astra-migrate-meta-layouts":""},"product_cat":[21,30],"product_tag":[],"yoast_head":"<!-- This site is optimized with the Yoast SEO plugin v21.1 - https:\/\/yoast.com\/wordpress\/plugins\/seo\/ -->\n<title>SSD 240GB ADATA SATA 3 ASU630SS240GQR - FLEXLAN Inform\u00e1tica<\/title>\n<meta name=\"description\" content=\"Suprimentos e Manuten\u00e7\u00e3o de Computadores e Notebooks\" \/>\n<meta name=\"robots\" content=\"index, follow, max-snippet:-1, max-image-preview:large, max-video-preview:-1\" \/>\n<link rel=\"canonical\" href=\"https:\/\/flexlan.com.br\/site\/?product=ssd-240gb-adata-sata-3-asu630ss240gqr\" \/>\n<meta property=\"og:locale\" content=\"pt_BR\" \/>\n<meta property=\"og:type\" content=\"article\" \/>\n<meta property=\"og:title\" content=\"SSD 240GB ADATA SATA 3 ASU630SS240GQR - FLEXLAN Inform\u00e1tica\" \/>\n<meta property=\"og:description\" content=\"Suprimentos e Manuten\u00e7\u00e3o de Computadores e Notebooks\" \/>\n<meta property=\"og:url\" content=\"https:\/\/flexlan.com.br\/site\/?product=ssd-240gb-adata-sata-3-asu630ss240gqr\" \/>\n<meta property=\"og:site_name\" content=\"FLEXLAN Inform\u00e1tica\" \/>\n<meta property=\"article:publisher\" content=\"https:\/\/www.facebook.com\/FlexLanInformatica\" \/>\n<meta property=\"article:modified_time\" content=\"2026-03-11T19:13:08+00:00\" \/>\n<meta property=\"og:image\" content=\"https:\/\/flexlan.com.br\/site\/wp-content\/uploads\/2020\/07\/SSD-240GB-ADATA-SATA-3-ASU630SS240GQR.jpg\" \/>\n\t<meta property=\"og:image:width\" content=\"1000\" \/>\n\t<meta property=\"og:image:height\" content=\"1000\" \/>\n\t<meta property=\"og:image:type\" content=\"image\/jpeg\" \/>\n<meta name=\"twitter:card\" content=\"summary_large_image\" \/>\n<meta name=\"twitter:label1\" content=\"Est. tempo de leitura\" \/>\n\t<meta name=\"twitter:data1\" content=\"1 minuto\" \/>\n<script type=\"application\/ld+json\" class=\"yoast-schema-graph\">{\"@context\":\"https:\/\/schema.org\",\"@graph\":[{\"@type\":[\"WebPage\",\"ItemPage\"],\"@id\":\"https:\/\/flexlan.com.br\/site\/?product=ssd-240gb-adata-sata-3-asu630ss240gqr\",\"url\":\"https:\/\/flexlan.com.br\/site\/?product=ssd-240gb-adata-sata-3-asu630ss240gqr\",\"name\":\"SSD 240GB ADATA SATA 3 ASU630SS240GQR - FLEXLAN Inform\u00e1tica\",\"isPartOf\":{\"@id\":\"https:\/\/flexlan.com.br\/site\/#website\"},\"datePublished\":\"2020-07-09T03:30:15+00:00\",\"dateModified\":\"2026-03-11T19:13:08+00:00\",\"description\":\"Suprimentos e Manuten\u00e7\u00e3o de Computadores e Notebooks\",\"breadcrumb\":{\"@id\":\"https:\/\/flexlan.com.br\/site\/?product=ssd-240gb-adata-sata-3-asu630ss240gqr#breadcrumb\"},\"inLanguage\":\"pt-BR\",\"potentialAction\":[{\"@type\":\"ReadAction\",\"target\":[\"https:\/\/flexlan.com.br\/site\/?product=ssd-240gb-adata-sata-3-asu630ss240gqr\"]}]},{\"@type\":\"BreadcrumbList\",\"@id\":\"https:\/\/flexlan.com.br\/site\/?product=ssd-240gb-adata-sata-3-asu630ss240gqr#breadcrumb\",\"itemListElement\":[{\"@type\":\"ListItem\",\"position\":1,\"name\":\"In\u00edcio\",\"item\":\"https:\/\/flexlan.com.br\/site\/\"},{\"@type\":\"ListItem\",\"position\":2,\"name\":\"Shop\",\"item\":\"https:\/\/flexlan.com.br\/site\/?page_id=28271\"},{\"@type\":\"ListItem\",\"position\":3,\"name\":\"SSD 240GB ADATA SATA 3 ASU630SS240GQR\"}]},{\"@type\":\"WebSite\",\"@id\":\"https:\/\/flexlan.com.br\/site\/#website\",\"url\":\"https:\/\/flexlan.com.br\/site\/\",\"name\":\"FLEXLAN Inform\u00e1tica\",\"description\":\"Suprimentos e Manuten\u00e7\u00e3o de Computadores e Notebooks\",\"publisher\":{\"@id\":\"https:\/\/flexlan.com.br\/site\/#organization\"},\"alternateName\":\"FLEXLAN Inform\u00e1tica\",\"potentialAction\":[{\"@type\":\"SearchAction\",\"target\":{\"@type\":\"EntryPoint\",\"urlTemplate\":\"https:\/\/flexlan.com.br\/site\/?s={search_term_string}\"},\"query-input\":\"required name=search_term_string\"}],\"inLanguage\":\"pt-BR\"},{\"@type\":\"Organization\",\"@id\":\"https:\/\/flexlan.com.br\/site\/#organization\",\"name\":\"Flexlan inform\u00e1tica\",\"alternateName\":\"Suprimentos e Manuten\u00e7\u00e3o de Computadores e Notebooks\",\"url\":\"https:\/\/flexlan.com.br\/site\/\",\"logo\":{\"@type\":\"ImageObject\",\"inLanguage\":\"pt-BR\",\"@id\":\"https:\/\/flexlan.com.br\/site\/#\/schema\/logo\/image\/\",\"url\":\"https:\/\/flexlan.com.br\/site\/wp-content\/uploads\/2022\/03\/Logo2022.png\",\"contentUrl\":\"https:\/\/flexlan.com.br\/site\/wp-content\/uploads\/2022\/03\/Logo2022.png\",\"width\":796,\"height\":228,\"caption\":\"Flexlan inform\u00e1tica\"},\"image\":{\"@id\":\"https:\/\/flexlan.com.br\/site\/#\/schema\/logo\/image\/\"},\"sameAs\":[\"https:\/\/www.facebook.com\/FlexLanInformatica\",\"https:\/\/instagram.com\/flexlan\"]}]}<\/script>\n<!-- \/ Yoast SEO plugin. -->","yoast_head_json":{"title":"SSD 240GB ADATA SATA 3 ASU630SS240GQR - FLEXLAN Inform\u00e1tica","description":"Suprimentos e Manuten\u00e7\u00e3o de Computadores e Notebooks","robots":{"index":"index","follow":"follow","max-snippet":"max-snippet:-1","max-image-preview":"max-image-preview:large","max-video-preview":"max-video-preview:-1"},"canonical":"https:\/\/flexlan.com.br\/site\/?product=ssd-240gb-adata-sata-3-asu630ss240gqr","og_locale":"pt_BR","og_type":"article","og_title":"SSD 240GB ADATA SATA 3 ASU630SS240GQR - FLEXLAN Inform\u00e1tica","og_description":"Suprimentos e Manuten\u00e7\u00e3o de Computadores e Notebooks","og_url":"https:\/\/flexlan.com.br\/site\/?product=ssd-240gb-adata-sata-3-asu630ss240gqr","og_site_name":"FLEXLAN Inform\u00e1tica","article_publisher":"https:\/\/www.facebook.com\/FlexLanInformatica","article_modified_time":"2026-03-11T19:13:08+00:00","og_image":[{"width":1000,"height":1000,"url":"https:\/\/flexlan.com.br\/site\/wp-content\/uploads\/2020\/07\/SSD-240GB-ADATA-SATA-3-ASU630SS240GQR.jpg","type":"image\/jpeg"}],"twitter_card":"summary_large_image","twitter_misc":{"Est. tempo de leitura":"1 minuto"},"schema":{"@context":"https:\/\/schema.org","@graph":[{"@type":["WebPage","ItemPage"],"@id":"https:\/\/flexlan.com.br\/site\/?product=ssd-240gb-adata-sata-3-asu630ss240gqr","url":"https:\/\/flexlan.com.br\/site\/?product=ssd-240gb-adata-sata-3-asu630ss240gqr","name":"SSD 240GB ADATA SATA 3 ASU630SS240GQR - FLEXLAN Inform\u00e1tica","isPartOf":{"@id":"https:\/\/flexlan.com.br\/site\/#website"},"datePublished":"2020-07-09T03:30:15+00:00","dateModified":"2026-03-11T19:13:08+00:00","description":"Suprimentos e Manuten\u00e7\u00e3o de Computadores e Notebooks","breadcrumb":{"@id":"https:\/\/flexlan.com.br\/site\/?product=ssd-240gb-adata-sata-3-asu630ss240gqr#breadcrumb"},"inLanguage":"pt-BR","potentialAction":[{"@type":"ReadAction","target":["https:\/\/flexlan.com.br\/site\/?product=ssd-240gb-adata-sata-3-asu630ss240gqr"]}]},{"@type":"BreadcrumbList","@id":"https:\/\/flexlan.com.br\/site\/?product=ssd-240gb-adata-sata-3-asu630ss240gqr#breadcrumb","itemListElement":[{"@type":"ListItem","position":1,"name":"In\u00edcio","item":"https:\/\/flexlan.com.br\/site\/"},{"@type":"ListItem","position":2,"name":"Shop","item":"https:\/\/flexlan.com.br\/site\/?page_id=28271"},{"@type":"ListItem","position":3,"name":"SSD 240GB ADATA SATA 3 ASU630SS240GQR"}]},{"@type":"WebSite","@id":"https:\/\/flexlan.com.br\/site\/#website","url":"https:\/\/flexlan.com.br\/site\/","name":"FLEXLAN Inform\u00e1tica","description":"Suprimentos e Manuten\u00e7\u00e3o de Computadores e Notebooks","publisher":{"@id":"https:\/\/flexlan.com.br\/site\/#organization"},"alternateName":"FLEXLAN Inform\u00e1tica","potentialAction":[{"@type":"SearchAction","target":{"@type":"EntryPoint","urlTemplate":"https:\/\/flexlan.com.br\/site\/?s={search_term_string}"},"query-input":"required name=search_term_string"}],"inLanguage":"pt-BR"},{"@type":"Organization","@id":"https:\/\/flexlan.com.br\/site\/#organization","name":"Flexlan inform\u00e1tica","alternateName":"Suprimentos e Manuten\u00e7\u00e3o de Computadores e Notebooks","url":"https:\/\/flexlan.com.br\/site\/","logo":{"@type":"ImageObject","inLanguage":"pt-BR","@id":"https:\/\/flexlan.com.br\/site\/#\/schema\/logo\/image\/","url":"https:\/\/flexlan.com.br\/site\/wp-content\/uploads\/2022\/03\/Logo2022.png","contentUrl":"https:\/\/flexlan.com.br\/site\/wp-content\/uploads\/2022\/03\/Logo2022.png","width":796,"height":228,"caption":"Flexlan inform\u00e1tica"},"image":{"@id":"https:\/\/flexlan.com.br\/site\/#\/schema\/logo\/image\/"},"sameAs":["https:\/\/www.facebook.com\/FlexLanInformatica","https:\/\/instagram.com\/flexlan"]}]}},"_links":{"self":[{"href":"https:\/\/flexlan.com.br\/site\/index.php?rest_route=\/wp\/v2\/product\/5709"}],"collection":[{"href":"https:\/\/flexlan.com.br\/site\/index.php?rest_route=\/wp\/v2\/product"}],"about":[{"href":"https:\/\/flexlan.com.br\/site\/index.php?rest_route=\/wp\/v2\/types\/product"}],"replies":[{"embeddable":true,"href":"https:\/\/flexlan.com.br\/site\/index.php?rest_route=%2Fwp%2Fv2%2Fcomments&post=5709"}],"wp:featuredmedia":[{"embeddable":true,"href":"https:\/\/flexlan.com.br\/site\/index.php?rest_route=\/wp\/v2\/media\/5710"}],"wp:attachment":[{"href":"https:\/\/flexlan.com.br\/site\/index.php?rest_route=%2Fwp%2Fv2%2Fmedia&parent=5709"}],"wp:term":[{"taxonomy":"product_cat","embeddable":true,"href":"https:\/\/flexlan.com.br\/site\/index.php?rest_route=%2Fwp%2Fv2%2Fproduct_cat&post=5709"},{"taxonomy":"product_tag","embeddable":true,"href":"https:\/\/flexlan.com.br\/site\/index.php?rest_route=%2Fwp%2Fv2%2Fproduct_tag&post=5709"}],"curies":[{"name":"wp","href":"https:\/\/api.w.org\/{rel}","templated":true}]}}