{"id":28874,"date":"2025-10-08T10:19:14","date_gmt":"2025-10-08T13:19:14","guid":{"rendered":"https:\/\/flexlan.com.br\/site\/?post_type=product&#038;p=28874"},"modified":"2025-10-08T10:35:19","modified_gmt":"2025-10-08T13:35:19","slug":"fone-de-ouvido-fam-harbor-a068n-cancelamento-de-ruido","status":"publish","type":"product","link":"https:\/\/flexlan.com.br\/site\/?product=fone-de-ouvido-fam-harbor-a068n-cancelamento-de-ruido","title":{"rendered":"FONE DE OUVIDO FAM HARBOR A068N \/ CANCELAMENTO DE RUIDO"},"content":{"rendered":"<p>Marca: FAM<br \/>\nModelo: A068N<br \/>\nCor: Preto<br \/>\nTipo de Fone: Headphone (Over-Ear) \/ Sem fio<br \/>\nConectividade: Bluetooth e Cabo P2 (3.5mm)<br \/>\nVers\u00e3o Bluetooth: 5.0 (ou superior)<br \/>\nAlcance Bluetooth: At\u00e9 10 metros<br \/>\nCapacidade da Bateria: 800mAh<br \/>\nTempo de Reprodu\u00e7\u00e3o: At\u00e9 80 horas (a 80% do volume)<br \/>\nTempo de Carregamento: Aproximadamente 2 horas<br \/>\nTipo de Carregamento: USB-C<br \/>\nTecnologia de Cancelamento de Ru\u00eddo: Ativo (ANC)<br \/>\nRedu\u00e7\u00e3o de Ru\u00eddo: At\u00e9 25dB<br \/>\nDi\u00e2metro do Alto-falante: 40mm<br \/>\nResposta de Frequ\u00eancia: 20Hz \u2013 20KHz<br \/>\nSensibilidade: 108 dB (em alguns modelos)<br \/>\nImped\u00e2ncia: 32 ohms<br \/>\nMicrofone: Integrado<br \/>\nControles: Bot\u00f5es f\u00edsicos na concha auricular<br \/>\nDesign: Dobr\u00e1vel, Haste Ajust\u00e1vel, Almofadas auriculares macias<br \/>\nCompatibilidade: Universal (smartphones Android, iOS, tablets, notebooks&#8230; com Bluetooth ou entrada P2)<\/p>\n<p>Dimens\u00f5es do Produto:<br \/>\nAltura: 20cm<br \/>\nLargura: 17cm<br \/>\nComprimento: 9cm<br \/>\nPeso: 340g<\/p>\n<p>Dimens\u00f5es Do Produto Com Embalagem:<br \/>\nAltura: 22cm<br \/>\nLargura: 19cm<br \/>\nComprimento: 10cm<br \/>\nPeso: 500g<\/p>\n<p>Itens Inclusos:<br \/>\n1 Fone de Ouvido Bluetooth FAM A068N<br \/>\n1 Cabo para carregamento USB-C<br \/>\n1 Cabo Auxiliar P2 (3.5mm)<br \/>\n1 Manual do Usu\u00e1rio.<\/p>\n","protected":false},"excerpt":{"rendered":"<p>O Fone de Ouvido Bluetooth A068N da FAM \u00e9 um headphone com design over-ear, projetado para oferecer uma experi\u00eancia de \u00e1udio imersiva e confort\u00e1vel, com destaque para a longa dura\u00e7\u00e3o da bateria e o cancelamento de ru\u00eddo.<\/p>\n","protected":false},"featured_media":28879,"comment_status":"open","ping_status":"closed","template":"","meta":{"site-sidebar-layout":"default","site-content-layout":"","ast-site-content-layout":"default","site-content-style":"default","site-sidebar-style":"default","ast-global-header-display":"","ast-banner-title-visibility":"","ast-main-header-display":"","ast-hfb-above-header-display":"","ast-hfb-below-header-display":"","ast-hfb-mobile-header-display":"","site-post-title":"","ast-breadcrumbs-content":"","ast-featured-img":"","footer-sml-layout":"","theme-transparent-header-meta":"default","adv-header-id-meta":"","stick-header-meta":"","header-above-stick-meta":"","header-main-stick-meta":"","header-below-stick-meta":"","astra-migrate-meta-layouts":"set"},"product_cat":[52,54],"product_tag":[],"yoast_head":"<!-- This site is optimized with the Yoast SEO plugin v21.1 - https:\/\/yoast.com\/wordpress\/plugins\/seo\/ -->\n<title>FONE DE OUVIDO FAM HARBOR A068N \/ CANCELAMENTO DE RUIDO - FLEXLAN Inform\u00e1tica<\/title>\n<meta name=\"description\" content=\"Suprimentos e Manuten\u00e7\u00e3o de Computadores e Notebooks O Fone de Ouvido Bluetooth A068N da FAM \u00e9 um headphone com design over-ear, projetado para oferecer uma experi\u00eancia de \u00e1udio imersiva e confort\u00e1vel, com destaque para a longa dura\u00e7\u00e3o da bateria e o cancelamento de ru\u00eddo.Design Over-Ear e Conforto: O A068N possui um design que cobre as orelhas, proporcionando bom isolamento passivo de ru\u00eddo e conforto para uso prolongado. As almofadas auriculares macias e a haste ajust\u00e1vel contribuem para um encaixe ideal.Cancelamento Ativo de Ru\u00eddo (ANC): A fun\u00e7\u00e3o ANC reduz ativamente os ru\u00eddos externos em at\u00e9 25dB, permitindo que voc\u00ea se concentre na sua m\u00fasica, podcasts ou chamadas.Bateria de Longa Dura\u00e7\u00e3o: Com uma capacidade de 800mAh, oferece at\u00e9 80 horas de reprodu\u00e7\u00e3o cont\u00ednua, e a recarga completa leva cerca de 2 horas via USB-C.\" \/>\n<meta name=\"robots\" content=\"index, follow, max-snippet:-1, max-image-preview:large, max-video-preview:-1\" \/>\n<link rel=\"canonical\" href=\"https:\/\/flexlan.com.br\/site\/?product=fone-de-ouvido-fam-harbor-a068n-cancelamento-de-ruido\" \/>\n<meta property=\"og:locale\" content=\"pt_BR\" \/>\n<meta property=\"og:type\" content=\"article\" \/>\n<meta property=\"og:title\" content=\"FONE DE OUVIDO FAM HARBOR A068N \/ CANCELAMENTO DE RUIDO - FLEXLAN Inform\u00e1tica\" \/>\n<meta property=\"og:description\" content=\"Suprimentos e Manuten\u00e7\u00e3o de Computadores e Notebooks O Fone de Ouvido Bluetooth A068N da FAM \u00e9 um headphone com design over-ear, projetado para oferecer uma experi\u00eancia de \u00e1udio imersiva e confort\u00e1vel, com destaque para a longa dura\u00e7\u00e3o da bateria e o cancelamento de ru\u00eddo.Design Over-Ear e Conforto: O A068N possui um design que cobre as orelhas, proporcionando bom isolamento passivo de ru\u00eddo e conforto para uso prolongado. As almofadas auriculares macias e a haste ajust\u00e1vel contribuem para um encaixe ideal.Cancelamento Ativo de Ru\u00eddo (ANC): A fun\u00e7\u00e3o ANC reduz ativamente os ru\u00eddos externos em at\u00e9 25dB, permitindo que voc\u00ea se concentre na sua m\u00fasica, podcasts ou chamadas.Bateria de Longa Dura\u00e7\u00e3o: Com uma capacidade de 800mAh, oferece at\u00e9 80 horas de reprodu\u00e7\u00e3o cont\u00ednua, e a recarga completa leva cerca de 2 horas via USB-C.\" \/>\n<meta property=\"og:url\" content=\"https:\/\/flexlan.com.br\/site\/?product=fone-de-ouvido-fam-harbor-a068n-cancelamento-de-ruido\" \/>\n<meta property=\"og:site_name\" content=\"FLEXLAN Inform\u00e1tica\" \/>\n<meta property=\"article:publisher\" content=\"https:\/\/www.facebook.com\/FlexLanInformatica\" \/>\n<meta property=\"article:modified_time\" content=\"2025-10-08T13:35:19+00:00\" \/>\n<meta property=\"og:image\" content=\"https:\/\/flexlan.com.br\/site\/wp-content\/uploads\/2025\/10\/FONE-DE-OUVIDO-BLUETOOTH-FAM-HARBOR-A068N-e1759930048570.jpeg\" \/>\n\t<meta property=\"og:image:width\" content=\"768\" \/>\n\t<meta property=\"og:image:height\" content=\"768\" \/>\n\t<meta property=\"og:image:type\" content=\"image\/jpeg\" \/>\n<meta name=\"twitter:card\" content=\"summary_large_image\" \/>\n<meta name=\"twitter:label1\" content=\"Est. tempo de leitura\" \/>\n\t<meta name=\"twitter:data1\" content=\"1 minuto\" \/>\n<script type=\"application\/ld+json\" class=\"yoast-schema-graph\">{\"@context\":\"https:\/\/schema.org\",\"@graph\":[{\"@type\":[\"WebPage\",\"ItemPage\"],\"@id\":\"https:\/\/flexlan.com.br\/site\/?product=fone-de-ouvido-fam-harbor-a068n-cancelamento-de-ruido\",\"url\":\"https:\/\/flexlan.com.br\/site\/?product=fone-de-ouvido-fam-harbor-a068n-cancelamento-de-ruido\",\"name\":\"FONE DE OUVIDO FAM HARBOR A068N \/ CANCELAMENTO DE RUIDO - FLEXLAN Inform\u00e1tica\",\"isPartOf\":{\"@id\":\"https:\/\/flexlan.com.br\/site\/#website\"},\"datePublished\":\"2025-10-08T13:19:14+00:00\",\"dateModified\":\"2025-10-08T13:35:19+00:00\",\"description\":\"Suprimentos e Manuten\u00e7\u00e3o de Computadores e Notebooks O Fone de Ouvido Bluetooth A068N da FAM \u00e9 um headphone com design over-ear, projetado para oferecer uma experi\u00eancia de \u00e1udio imersiva e confort\u00e1vel, com destaque para a longa dura\u00e7\u00e3o da bateria e o cancelamento de ru\u00eddo.Design Over-Ear e Conforto: O A068N possui um design que cobre as orelhas, proporcionando bom isolamento passivo de ru\u00eddo e conforto para uso prolongado. As almofadas auriculares macias e a haste ajust\u00e1vel contribuem para um encaixe ideal.Cancelamento Ativo de Ru\u00eddo (ANC): A fun\u00e7\u00e3o ANC reduz ativamente os ru\u00eddos externos em at\u00e9 25dB, permitindo que voc\u00ea se concentre na sua m\u00fasica, podcasts ou chamadas.Bateria de Longa Dura\u00e7\u00e3o: Com uma capacidade de 800mAh, oferece at\u00e9 80 horas de reprodu\u00e7\u00e3o cont\u00ednua, e a recarga completa leva cerca de 2 horas via USB-C.\",\"breadcrumb\":{\"@id\":\"https:\/\/flexlan.com.br\/site\/?product=fone-de-ouvido-fam-harbor-a068n-cancelamento-de-ruido#breadcrumb\"},\"inLanguage\":\"pt-BR\",\"potentialAction\":[{\"@type\":\"ReadAction\",\"target\":[\"https:\/\/flexlan.com.br\/site\/?product=fone-de-ouvido-fam-harbor-a068n-cancelamento-de-ruido\"]}]},{\"@type\":\"BreadcrumbList\",\"@id\":\"https:\/\/flexlan.com.br\/site\/?product=fone-de-ouvido-fam-harbor-a068n-cancelamento-de-ruido#breadcrumb\",\"itemListElement\":[{\"@type\":\"ListItem\",\"position\":1,\"name\":\"In\u00edcio\",\"item\":\"https:\/\/flexlan.com.br\/site\/\"},{\"@type\":\"ListItem\",\"position\":2,\"name\":\"Shop\",\"item\":\"https:\/\/flexlan.com.br\/site\/?page_id=28271\"},{\"@type\":\"ListItem\",\"position\":3,\"name\":\"FONE DE OUVIDO FAM HARBOR A068N \/ CANCELAMENTO DE RUIDO\"}]},{\"@type\":\"WebSite\",\"@id\":\"https:\/\/flexlan.com.br\/site\/#website\",\"url\":\"https:\/\/flexlan.com.br\/site\/\",\"name\":\"FLEXLAN Inform\u00e1tica\",\"description\":\"Suprimentos e Manuten\u00e7\u00e3o de Computadores e Notebooks\",\"publisher\":{\"@id\":\"https:\/\/flexlan.com.br\/site\/#organization\"},\"alternateName\":\"FLEXLAN Inform\u00e1tica\",\"potentialAction\":[{\"@type\":\"SearchAction\",\"target\":{\"@type\":\"EntryPoint\",\"urlTemplate\":\"https:\/\/flexlan.com.br\/site\/?s={search_term_string}\"},\"query-input\":\"required name=search_term_string\"}],\"inLanguage\":\"pt-BR\"},{\"@type\":\"Organization\",\"@id\":\"https:\/\/flexlan.com.br\/site\/#organization\",\"name\":\"Flexlan inform\u00e1tica\",\"alternateName\":\"Suprimentos e Manuten\u00e7\u00e3o de Computadores e Notebooks\",\"url\":\"https:\/\/flexlan.com.br\/site\/\",\"logo\":{\"@type\":\"ImageObject\",\"inLanguage\":\"pt-BR\",\"@id\":\"https:\/\/flexlan.com.br\/site\/#\/schema\/logo\/image\/\",\"url\":\"https:\/\/flexlan.com.br\/site\/wp-content\/uploads\/2022\/03\/Logo2022.png\",\"contentUrl\":\"https:\/\/flexlan.com.br\/site\/wp-content\/uploads\/2022\/03\/Logo2022.png\",\"width\":796,\"height\":228,\"caption\":\"Flexlan inform\u00e1tica\"},\"image\":{\"@id\":\"https:\/\/flexlan.com.br\/site\/#\/schema\/logo\/image\/\"},\"sameAs\":[\"https:\/\/www.facebook.com\/FlexLanInformatica\",\"https:\/\/instagram.com\/flexlan\"]}]}<\/script>\n<!-- \/ Yoast SEO plugin. -->","yoast_head_json":{"title":"FONE DE OUVIDO FAM HARBOR A068N \/ CANCELAMENTO DE RUIDO - FLEXLAN Inform\u00e1tica","description":"Suprimentos e Manuten\u00e7\u00e3o de Computadores e Notebooks O Fone de Ouvido Bluetooth A068N da FAM \u00e9 um headphone com design over-ear, projetado para oferecer uma experi\u00eancia de \u00e1udio imersiva e confort\u00e1vel, com destaque para a longa dura\u00e7\u00e3o da bateria e o cancelamento de ru\u00eddo.Design Over-Ear e Conforto: O A068N possui um design que cobre as orelhas, proporcionando bom isolamento passivo de ru\u00eddo e conforto para uso prolongado. As almofadas auriculares macias e a haste ajust\u00e1vel contribuem para um encaixe ideal.Cancelamento Ativo de Ru\u00eddo (ANC): A fun\u00e7\u00e3o ANC reduz ativamente os ru\u00eddos externos em at\u00e9 25dB, permitindo que voc\u00ea se concentre na sua m\u00fasica, podcasts ou chamadas.Bateria de Longa Dura\u00e7\u00e3o: Com uma capacidade de 800mAh, oferece at\u00e9 80 horas de reprodu\u00e7\u00e3o cont\u00ednua, e a recarga completa leva cerca de 2 horas via USB-C.","robots":{"index":"index","follow":"follow","max-snippet":"max-snippet:-1","max-image-preview":"max-image-preview:large","max-video-preview":"max-video-preview:-1"},"canonical":"https:\/\/flexlan.com.br\/site\/?product=fone-de-ouvido-fam-harbor-a068n-cancelamento-de-ruido","og_locale":"pt_BR","og_type":"article","og_title":"FONE DE OUVIDO FAM HARBOR A068N \/ CANCELAMENTO DE RUIDO - FLEXLAN Inform\u00e1tica","og_description":"Suprimentos e Manuten\u00e7\u00e3o de Computadores e Notebooks O Fone de Ouvido Bluetooth A068N da FAM \u00e9 um headphone com design over-ear, projetado para oferecer uma experi\u00eancia de \u00e1udio imersiva e confort\u00e1vel, com destaque para a longa dura\u00e7\u00e3o da bateria e o cancelamento de ru\u00eddo.Design Over-Ear e Conforto: O A068N possui um design que cobre as orelhas, proporcionando bom isolamento passivo de ru\u00eddo e conforto para uso prolongado. As almofadas auriculares macias e a haste ajust\u00e1vel contribuem para um encaixe ideal.Cancelamento Ativo de Ru\u00eddo (ANC): A fun\u00e7\u00e3o ANC reduz ativamente os ru\u00eddos externos em at\u00e9 25dB, permitindo que voc\u00ea se concentre na sua m\u00fasica, podcasts ou chamadas.Bateria de Longa Dura\u00e7\u00e3o: Com uma capacidade de 800mAh, oferece at\u00e9 80 horas de reprodu\u00e7\u00e3o cont\u00ednua, e a recarga completa leva cerca de 2 horas via USB-C.","og_url":"https:\/\/flexlan.com.br\/site\/?product=fone-de-ouvido-fam-harbor-a068n-cancelamento-de-ruido","og_site_name":"FLEXLAN Inform\u00e1tica","article_publisher":"https:\/\/www.facebook.com\/FlexLanInformatica","article_modified_time":"2025-10-08T13:35:19+00:00","og_image":[{"width":768,"height":768,"url":"https:\/\/flexlan.com.br\/site\/wp-content\/uploads\/2025\/10\/FONE-DE-OUVIDO-BLUETOOTH-FAM-HARBOR-A068N-e1759930048570.jpeg","type":"image\/jpeg"}],"twitter_card":"summary_large_image","twitter_misc":{"Est. tempo de leitura":"1 minuto"},"schema":{"@context":"https:\/\/schema.org","@graph":[{"@type":["WebPage","ItemPage"],"@id":"https:\/\/flexlan.com.br\/site\/?product=fone-de-ouvido-fam-harbor-a068n-cancelamento-de-ruido","url":"https:\/\/flexlan.com.br\/site\/?product=fone-de-ouvido-fam-harbor-a068n-cancelamento-de-ruido","name":"FONE DE OUVIDO FAM HARBOR A068N \/ CANCELAMENTO DE RUIDO - FLEXLAN Inform\u00e1tica","isPartOf":{"@id":"https:\/\/flexlan.com.br\/site\/#website"},"datePublished":"2025-10-08T13:19:14+00:00","dateModified":"2025-10-08T13:35:19+00:00","description":"Suprimentos e Manuten\u00e7\u00e3o de Computadores e Notebooks O Fone de Ouvido Bluetooth A068N da FAM \u00e9 um headphone com design over-ear, projetado para oferecer uma experi\u00eancia de \u00e1udio imersiva e confort\u00e1vel, com destaque para a longa dura\u00e7\u00e3o da bateria e o cancelamento de ru\u00eddo.Design Over-Ear e Conforto: O A068N possui um design que cobre as orelhas, proporcionando bom isolamento passivo de ru\u00eddo e conforto para uso prolongado. As almofadas auriculares macias e a haste ajust\u00e1vel contribuem para um encaixe ideal.Cancelamento Ativo de Ru\u00eddo (ANC): A fun\u00e7\u00e3o ANC reduz ativamente os ru\u00eddos externos em at\u00e9 25dB, permitindo que voc\u00ea se concentre na sua m\u00fasica, podcasts ou chamadas.Bateria de Longa Dura\u00e7\u00e3o: Com uma capacidade de 800mAh, oferece at\u00e9 80 horas de reprodu\u00e7\u00e3o cont\u00ednua, e a recarga completa leva cerca de 2 horas via USB-C.","breadcrumb":{"@id":"https:\/\/flexlan.com.br\/site\/?product=fone-de-ouvido-fam-harbor-a068n-cancelamento-de-ruido#breadcrumb"},"inLanguage":"pt-BR","potentialAction":[{"@type":"ReadAction","target":["https:\/\/flexlan.com.br\/site\/?product=fone-de-ouvido-fam-harbor-a068n-cancelamento-de-ruido"]}]},{"@type":"BreadcrumbList","@id":"https:\/\/flexlan.com.br\/site\/?product=fone-de-ouvido-fam-harbor-a068n-cancelamento-de-ruido#breadcrumb","itemListElement":[{"@type":"ListItem","position":1,"name":"In\u00edcio","item":"https:\/\/flexlan.com.br\/site\/"},{"@type":"ListItem","position":2,"name":"Shop","item":"https:\/\/flexlan.com.br\/site\/?page_id=28271"},{"@type":"ListItem","position":3,"name":"FONE DE OUVIDO FAM HARBOR A068N \/ CANCELAMENTO DE RUIDO"}]},{"@type":"WebSite","@id":"https:\/\/flexlan.com.br\/site\/#website","url":"https:\/\/flexlan.com.br\/site\/","name":"FLEXLAN Inform\u00e1tica","description":"Suprimentos e Manuten\u00e7\u00e3o de Computadores e Notebooks","publisher":{"@id":"https:\/\/flexlan.com.br\/site\/#organization"},"alternateName":"FLEXLAN Inform\u00e1tica","potentialAction":[{"@type":"SearchAction","target":{"@type":"EntryPoint","urlTemplate":"https:\/\/flexlan.com.br\/site\/?s={search_term_string}"},"query-input":"required name=search_term_string"}],"inLanguage":"pt-BR"},{"@type":"Organization","@id":"https:\/\/flexlan.com.br\/site\/#organization","name":"Flexlan inform\u00e1tica","alternateName":"Suprimentos e Manuten\u00e7\u00e3o de Computadores e Notebooks","url":"https:\/\/flexlan.com.br\/site\/","logo":{"@type":"ImageObject","inLanguage":"pt-BR","@id":"https:\/\/flexlan.com.br\/site\/#\/schema\/logo\/image\/","url":"https:\/\/flexlan.com.br\/site\/wp-content\/uploads\/2022\/03\/Logo2022.png","contentUrl":"https:\/\/flexlan.com.br\/site\/wp-content\/uploads\/2022\/03\/Logo2022.png","width":796,"height":228,"caption":"Flexlan inform\u00e1tica"},"image":{"@id":"https:\/\/flexlan.com.br\/site\/#\/schema\/logo\/image\/"},"sameAs":["https:\/\/www.facebook.com\/FlexLanInformatica","https:\/\/instagram.com\/flexlan"]}]}},"_links":{"self":[{"href":"https:\/\/flexlan.com.br\/site\/index.php?rest_route=\/wp\/v2\/product\/28874"}],"collection":[{"href":"https:\/\/flexlan.com.br\/site\/index.php?rest_route=\/wp\/v2\/product"}],"about":[{"href":"https:\/\/flexlan.com.br\/site\/index.php?rest_route=\/wp\/v2\/types\/product"}],"replies":[{"embeddable":true,"href":"https:\/\/flexlan.com.br\/site\/index.php?rest_route=%2Fwp%2Fv2%2Fcomments&post=28874"}],"wp:featuredmedia":[{"embeddable":true,"href":"https:\/\/flexlan.com.br\/site\/index.php?rest_route=\/wp\/v2\/media\/28879"}],"wp:attachment":[{"href":"https:\/\/flexlan.com.br\/site\/index.php?rest_route=%2Fwp%2Fv2%2Fmedia&parent=28874"}],"wp:term":[{"taxonomy":"product_cat","embeddable":true,"href":"https:\/\/flexlan.com.br\/site\/index.php?rest_route=%2Fwp%2Fv2%2Fproduct_cat&post=28874"},{"taxonomy":"product_tag","embeddable":true,"href":"https:\/\/flexlan.com.br\/site\/index.php?rest_route=%2Fwp%2Fv2%2Fproduct_tag&post=28874"}],"curies":[{"name":"wp","href":"https:\/\/api.w.org\/{rel}","templated":true}]}}