{"id":28849,"date":"2025-03-26T14:45:52","date_gmt":"2025-03-26T17:45:52","guid":{"rendered":"https:\/\/flexlan.com.br\/site\/?post_type=product&#038;p=28849"},"modified":"2025-03-26T14:45:55","modified_gmt":"2025-03-26T17:45:55","slug":"mouse-dell-wireless-2-4ghz-wm126-preto","status":"publish","type":"product","link":"https:\/\/flexlan.com.br\/site\/?product=mouse-dell-wireless-2-4ghz-wm126-preto","title":{"rendered":"MOUSE DELL WIRELESS 2.4GHZ WM126 &#8211; PRETO"},"content":{"rendered":"<div class=\"sc-7e0ca514-1 GiPKU\">\n<p><strong>Caracter\u00edsticas:<\/strong><\/p>\n<p>&#8211; Marca: Dell<\/p>\n<p>&#8211; Modelo: WM126<\/p>\n<p>&nbsp;<\/p>\n<p><strong>Especifica\u00e7\u00f5es:<\/strong><\/p>\n<p>&nbsp;<\/p>\n<p><strong>Dispositivo de entrada:<\/strong><\/p>\n<p>&#8211; Tecnologia de conectividade: Sem fio<\/p>\n<p>&#8211; Interface: 2.4 GHz<\/p>\n<p>&#8211; Dist\u00e2ncia operacional m\u00e1x.: At\u00e9 10 m<\/p>\n<p>&#8211; Tecnologia de detec\u00e7\u00e3o de movimento: \u00d3ptico<\/p>\n<p>&#8211; Qtd de bot\u00f5es: 3<\/p>\n<p>&#8211; Resolu\u00e7\u00e3o de movimento: 1000 ppp<\/p>\n<p>&#8211; Roda de rolagem<\/p>\n<p>&#8211; Comutador de alimenta\u00e7\u00e3o ligado\/desligado<\/p>\n<p>&#8211; Conex\u00e3o: USB tipo A de 4 pinos<\/p>\n<p>&nbsp;<\/p>\n<p><strong>Compatibilidade:<\/strong><\/p>\n<p>&#8211; FreeDOS<\/p>\n<p>&#8211; Microsoft Windows Server 2003<\/p>\n<p>&#8211; Microsoft Windows Vista<\/p>\n<p>&#8211; Microsoft Windows Server 2008<\/p>\n<p>&#8211; Android<\/p>\n<p>&#8211; Ubuntu<\/p>\n<p>&#8211; Google Chrome OS<\/p>\n<p>&#8211; Microsoft Windows Server 2012<\/p>\n<p>&#8211; NeoKylin<\/p>\n<p>&#8211; Linux 6.x<\/p>\n<p>&#8211; Microsoft Windows XP \/ 7 \/ 8.1 \/ 10<\/p>\n<p>&nbsp;<\/p>\n<p><strong>Conte\u00fado da Embalagem:<\/strong><\/p>\n<p>&#8211; Mouse wireless \u00f3ptico Dell WM126<\/p>\n<p>&#8211; 1 Bateria AA<\/p>\n<p>&#8211; Receptor USB<\/p>\n<p>&#8211; Documenta\u00e7\u00e3o<\/p>\n<\/div>\n<p>&nbsp;<\/p>\n<div class=\"sc-7e0ca514-2 cKkhYq\" data-testid=\"InfoGarantia\">\n<div class=\"sc-7e0ca514-4 ikipIN\">\n<h3>Garantia:<\/h3>\n<\/div>\n<div class=\"sc-7e0ca514-3 lnNTXx\">1 ano de garantia<\/div>\n<\/div>\n","protected":false},"excerpt":{"rendered":"<p>Reduza a bagun\u00e7a de cabos com o mouse wireless Dell, que oferece a funcionalidade de que voc\u00ea precisa em um mouse, sem qualquer fio. A conex\u00e3o wireless confi\u00e1vel do mouse wireless Dell WM126 possibilita que voc\u00ea trabalhe enquanto estiver em movimento.<\/p>\n","protected":false},"featured_media":28851,"comment_status":"open","ping_status":"closed","template":"","meta":{"site-sidebar-layout":"default","site-content-layout":"","ast-site-content-layout":"default","site-content-style":"default","site-sidebar-style":"default","ast-global-header-display":"","ast-banner-title-visibility":"","ast-main-header-display":"","ast-hfb-above-header-display":"","ast-hfb-below-header-display":"","ast-hfb-mobile-header-display":"","site-post-title":"","ast-breadcrumbs-content":"","ast-featured-img":"","footer-sml-layout":"","theme-transparent-header-meta":"default","adv-header-id-meta":"","stick-header-meta":"","header-above-stick-meta":"","header-main-stick-meta":"","header-below-stick-meta":"","astra-migrate-meta-layouts":"set"},"product_cat":[52,56],"product_tag":[],"yoast_head":"<!-- This site is optimized with the Yoast SEO plugin v21.1 - https:\/\/yoast.com\/wordpress\/plugins\/seo\/ -->\n<title>MOUSE DELL WIRELESS 2.4GHZ WM126 - PRETO - FLEXLAN Inform\u00e1tica<\/title>\n<meta name=\"description\" content=\"Suprimentos e Manuten\u00e7\u00e3o de Computadores e Notebooks Reduza a bagun\u00e7a de cabos com o mouse wireless Dell, que oferece a funcionalidade de que voc\u00ea precisa em um mouse, sem qualquer fio. A conex\u00e3o wireless confi\u00e1vel do mouse wireless Dell WM126 possibilita que voc\u00ea trabalhe enquanto estiver em movimento.\" \/>\n<meta name=\"robots\" content=\"index, follow, max-snippet:-1, max-image-preview:large, max-video-preview:-1\" \/>\n<link rel=\"canonical\" href=\"https:\/\/flexlan.com.br\/site\/?product=mouse-dell-wireless-2-4ghz-wm126-preto\" \/>\n<meta property=\"og:locale\" content=\"pt_BR\" \/>\n<meta property=\"og:type\" content=\"article\" \/>\n<meta property=\"og:title\" content=\"MOUSE DELL WIRELESS 2.4GHZ WM126 - PRETO - FLEXLAN Inform\u00e1tica\" \/>\n<meta property=\"og:description\" content=\"Suprimentos e Manuten\u00e7\u00e3o de Computadores e Notebooks Reduza a bagun\u00e7a de cabos com o mouse wireless Dell, que oferece a funcionalidade de que voc\u00ea precisa em um mouse, sem qualquer fio. A conex\u00e3o wireless confi\u00e1vel do mouse wireless Dell WM126 possibilita que voc\u00ea trabalhe enquanto estiver em movimento.\" \/>\n<meta property=\"og:url\" content=\"https:\/\/flexlan.com.br\/site\/?product=mouse-dell-wireless-2-4ghz-wm126-preto\" \/>\n<meta property=\"og:site_name\" content=\"FLEXLAN Inform\u00e1tica\" \/>\n<meta property=\"article:publisher\" content=\"https:\/\/www.facebook.com\/FlexLanInformatica\" \/>\n<meta property=\"article:modified_time\" content=\"2025-03-26T17:45:55+00:00\" \/>\n<meta property=\"og:image\" content=\"https:\/\/flexlan.com.br\/site\/wp-content\/uploads\/2025\/03\/MOUSE-DELL-WIRELESS-WM126-PRETO.jpeg\" \/>\n\t<meta property=\"og:image:width\" content=\"395\" \/>\n\t<meta property=\"og:image:height\" content=\"395\" \/>\n\t<meta property=\"og:image:type\" content=\"image\/jpeg\" \/>\n<meta name=\"twitter:card\" content=\"summary_large_image\" \/>\n<meta name=\"twitter:label1\" content=\"Est. tempo de leitura\" \/>\n\t<meta name=\"twitter:data1\" content=\"1 minuto\" \/>\n<script type=\"application\/ld+json\" class=\"yoast-schema-graph\">{\"@context\":\"https:\/\/schema.org\",\"@graph\":[{\"@type\":[\"WebPage\",\"ItemPage\"],\"@id\":\"https:\/\/flexlan.com.br\/site\/?product=mouse-dell-wireless-2-4ghz-wm126-preto\",\"url\":\"https:\/\/flexlan.com.br\/site\/?product=mouse-dell-wireless-2-4ghz-wm126-preto\",\"name\":\"MOUSE DELL WIRELESS 2.4GHZ WM126 - PRETO - FLEXLAN Inform\u00e1tica\",\"isPartOf\":{\"@id\":\"https:\/\/flexlan.com.br\/site\/#website\"},\"datePublished\":\"2025-03-26T17:45:52+00:00\",\"dateModified\":\"2025-03-26T17:45:55+00:00\",\"description\":\"Suprimentos e Manuten\u00e7\u00e3o de Computadores e Notebooks Reduza a bagun\u00e7a de cabos com o mouse wireless Dell, que oferece a funcionalidade de que voc\u00ea precisa em um mouse, sem qualquer fio. A conex\u00e3o wireless confi\u00e1vel do mouse wireless Dell WM126 possibilita que voc\u00ea trabalhe enquanto estiver em movimento.\",\"breadcrumb\":{\"@id\":\"https:\/\/flexlan.com.br\/site\/?product=mouse-dell-wireless-2-4ghz-wm126-preto#breadcrumb\"},\"inLanguage\":\"pt-BR\",\"potentialAction\":[{\"@type\":\"ReadAction\",\"target\":[\"https:\/\/flexlan.com.br\/site\/?product=mouse-dell-wireless-2-4ghz-wm126-preto\"]}]},{\"@type\":\"BreadcrumbList\",\"@id\":\"https:\/\/flexlan.com.br\/site\/?product=mouse-dell-wireless-2-4ghz-wm126-preto#breadcrumb\",\"itemListElement\":[{\"@type\":\"ListItem\",\"position\":1,\"name\":\"In\u00edcio\",\"item\":\"https:\/\/flexlan.com.br\/site\/\"},{\"@type\":\"ListItem\",\"position\":2,\"name\":\"Shop\",\"item\":\"https:\/\/flexlan.com.br\/site\/?page_id=28271\"},{\"@type\":\"ListItem\",\"position\":3,\"name\":\"MOUSE DELL WIRELESS 2.4GHZ WM126 &#8211; PRETO\"}]},{\"@type\":\"WebSite\",\"@id\":\"https:\/\/flexlan.com.br\/site\/#website\",\"url\":\"https:\/\/flexlan.com.br\/site\/\",\"name\":\"FLEXLAN Inform\u00e1tica\",\"description\":\"Suprimentos e Manuten\u00e7\u00e3o de Computadores e Notebooks\",\"publisher\":{\"@id\":\"https:\/\/flexlan.com.br\/site\/#organization\"},\"alternateName\":\"FLEXLAN Inform\u00e1tica\",\"potentialAction\":[{\"@type\":\"SearchAction\",\"target\":{\"@type\":\"EntryPoint\",\"urlTemplate\":\"https:\/\/flexlan.com.br\/site\/?s={search_term_string}\"},\"query-input\":\"required name=search_term_string\"}],\"inLanguage\":\"pt-BR\"},{\"@type\":\"Organization\",\"@id\":\"https:\/\/flexlan.com.br\/site\/#organization\",\"name\":\"Flexlan inform\u00e1tica\",\"alternateName\":\"Suprimentos e Manuten\u00e7\u00e3o de Computadores e Notebooks\",\"url\":\"https:\/\/flexlan.com.br\/site\/\",\"logo\":{\"@type\":\"ImageObject\",\"inLanguage\":\"pt-BR\",\"@id\":\"https:\/\/flexlan.com.br\/site\/#\/schema\/logo\/image\/\",\"url\":\"https:\/\/flexlan.com.br\/site\/wp-content\/uploads\/2022\/03\/Logo2022.png\",\"contentUrl\":\"https:\/\/flexlan.com.br\/site\/wp-content\/uploads\/2022\/03\/Logo2022.png\",\"width\":796,\"height\":228,\"caption\":\"Flexlan inform\u00e1tica\"},\"image\":{\"@id\":\"https:\/\/flexlan.com.br\/site\/#\/schema\/logo\/image\/\"},\"sameAs\":[\"https:\/\/www.facebook.com\/FlexLanInformatica\",\"https:\/\/instagram.com\/flexlan\"]}]}<\/script>\n<!-- \/ Yoast SEO plugin. -->","yoast_head_json":{"title":"MOUSE DELL WIRELESS 2.4GHZ WM126 - PRETO - FLEXLAN Inform\u00e1tica","description":"Suprimentos e Manuten\u00e7\u00e3o de Computadores e Notebooks Reduza a bagun\u00e7a de cabos com o mouse wireless Dell, que oferece a funcionalidade de que voc\u00ea precisa em um mouse, sem qualquer fio. A conex\u00e3o wireless confi\u00e1vel do mouse wireless Dell WM126 possibilita que voc\u00ea trabalhe enquanto estiver em movimento.","robots":{"index":"index","follow":"follow","max-snippet":"max-snippet:-1","max-image-preview":"max-image-preview:large","max-video-preview":"max-video-preview:-1"},"canonical":"https:\/\/flexlan.com.br\/site\/?product=mouse-dell-wireless-2-4ghz-wm126-preto","og_locale":"pt_BR","og_type":"article","og_title":"MOUSE DELL WIRELESS 2.4GHZ WM126 - PRETO - FLEXLAN Inform\u00e1tica","og_description":"Suprimentos e Manuten\u00e7\u00e3o de Computadores e Notebooks Reduza a bagun\u00e7a de cabos com o mouse wireless Dell, que oferece a funcionalidade de que voc\u00ea precisa em um mouse, sem qualquer fio. A conex\u00e3o wireless confi\u00e1vel do mouse wireless Dell WM126 possibilita que voc\u00ea trabalhe enquanto estiver em movimento.","og_url":"https:\/\/flexlan.com.br\/site\/?product=mouse-dell-wireless-2-4ghz-wm126-preto","og_site_name":"FLEXLAN Inform\u00e1tica","article_publisher":"https:\/\/www.facebook.com\/FlexLanInformatica","article_modified_time":"2025-03-26T17:45:55+00:00","og_image":[{"width":395,"height":395,"url":"https:\/\/flexlan.com.br\/site\/wp-content\/uploads\/2025\/03\/MOUSE-DELL-WIRELESS-WM126-PRETO.jpeg","type":"image\/jpeg"}],"twitter_card":"summary_large_image","twitter_misc":{"Est. tempo de leitura":"1 minuto"},"schema":{"@context":"https:\/\/schema.org","@graph":[{"@type":["WebPage","ItemPage"],"@id":"https:\/\/flexlan.com.br\/site\/?product=mouse-dell-wireless-2-4ghz-wm126-preto","url":"https:\/\/flexlan.com.br\/site\/?product=mouse-dell-wireless-2-4ghz-wm126-preto","name":"MOUSE DELL WIRELESS 2.4GHZ WM126 - PRETO - FLEXLAN Inform\u00e1tica","isPartOf":{"@id":"https:\/\/flexlan.com.br\/site\/#website"},"datePublished":"2025-03-26T17:45:52+00:00","dateModified":"2025-03-26T17:45:55+00:00","description":"Suprimentos e Manuten\u00e7\u00e3o de Computadores e Notebooks Reduza a bagun\u00e7a de cabos com o mouse wireless Dell, que oferece a funcionalidade de que voc\u00ea precisa em um mouse, sem qualquer fio. A conex\u00e3o wireless confi\u00e1vel do mouse wireless Dell WM126 possibilita que voc\u00ea trabalhe enquanto estiver em movimento.","breadcrumb":{"@id":"https:\/\/flexlan.com.br\/site\/?product=mouse-dell-wireless-2-4ghz-wm126-preto#breadcrumb"},"inLanguage":"pt-BR","potentialAction":[{"@type":"ReadAction","target":["https:\/\/flexlan.com.br\/site\/?product=mouse-dell-wireless-2-4ghz-wm126-preto"]}]},{"@type":"BreadcrumbList","@id":"https:\/\/flexlan.com.br\/site\/?product=mouse-dell-wireless-2-4ghz-wm126-preto#breadcrumb","itemListElement":[{"@type":"ListItem","position":1,"name":"In\u00edcio","item":"https:\/\/flexlan.com.br\/site\/"},{"@type":"ListItem","position":2,"name":"Shop","item":"https:\/\/flexlan.com.br\/site\/?page_id=28271"},{"@type":"ListItem","position":3,"name":"MOUSE DELL WIRELESS 2.4GHZ WM126 &#8211; PRETO"}]},{"@type":"WebSite","@id":"https:\/\/flexlan.com.br\/site\/#website","url":"https:\/\/flexlan.com.br\/site\/","name":"FLEXLAN Inform\u00e1tica","description":"Suprimentos e Manuten\u00e7\u00e3o de Computadores e Notebooks","publisher":{"@id":"https:\/\/flexlan.com.br\/site\/#organization"},"alternateName":"FLEXLAN Inform\u00e1tica","potentialAction":[{"@type":"SearchAction","target":{"@type":"EntryPoint","urlTemplate":"https:\/\/flexlan.com.br\/site\/?s={search_term_string}"},"query-input":"required name=search_term_string"}],"inLanguage":"pt-BR"},{"@type":"Organization","@id":"https:\/\/flexlan.com.br\/site\/#organization","name":"Flexlan inform\u00e1tica","alternateName":"Suprimentos e Manuten\u00e7\u00e3o de Computadores e Notebooks","url":"https:\/\/flexlan.com.br\/site\/","logo":{"@type":"ImageObject","inLanguage":"pt-BR","@id":"https:\/\/flexlan.com.br\/site\/#\/schema\/logo\/image\/","url":"https:\/\/flexlan.com.br\/site\/wp-content\/uploads\/2022\/03\/Logo2022.png","contentUrl":"https:\/\/flexlan.com.br\/site\/wp-content\/uploads\/2022\/03\/Logo2022.png","width":796,"height":228,"caption":"Flexlan inform\u00e1tica"},"image":{"@id":"https:\/\/flexlan.com.br\/site\/#\/schema\/logo\/image\/"},"sameAs":["https:\/\/www.facebook.com\/FlexLanInformatica","https:\/\/instagram.com\/flexlan"]}]}},"_links":{"self":[{"href":"https:\/\/flexlan.com.br\/site\/index.php?rest_route=\/wp\/v2\/product\/28849"}],"collection":[{"href":"https:\/\/flexlan.com.br\/site\/index.php?rest_route=\/wp\/v2\/product"}],"about":[{"href":"https:\/\/flexlan.com.br\/site\/index.php?rest_route=\/wp\/v2\/types\/product"}],"replies":[{"embeddable":true,"href":"https:\/\/flexlan.com.br\/site\/index.php?rest_route=%2Fwp%2Fv2%2Fcomments&post=28849"}],"wp:featuredmedia":[{"embeddable":true,"href":"https:\/\/flexlan.com.br\/site\/index.php?rest_route=\/wp\/v2\/media\/28851"}],"wp:attachment":[{"href":"https:\/\/flexlan.com.br\/site\/index.php?rest_route=%2Fwp%2Fv2%2Fmedia&parent=28849"}],"wp:term":[{"taxonomy":"product_cat","embeddable":true,"href":"https:\/\/flexlan.com.br\/site\/index.php?rest_route=%2Fwp%2Fv2%2Fproduct_cat&post=28849"},{"taxonomy":"product_tag","embeddable":true,"href":"https:\/\/flexlan.com.br\/site\/index.php?rest_route=%2Fwp%2Fv2%2Fproduct_tag&post=28849"}],"curies":[{"name":"wp","href":"https:\/\/api.w.org\/{rel}","templated":true}]}}