{"id":28740,"date":"2024-05-11T10:30:15","date_gmt":"2024-05-11T13:30:15","guid":{"rendered":"https:\/\/flexlan.com.br\/site\/?post_type=product&#038;p=28740"},"modified":"2024-05-11T10:30:18","modified_gmt":"2024-05-11T13:30:18","slug":"fone-de-ouvido-jbl-tune-520bt-bluetooth-preto-jblt520btblk","status":"publish","type":"product","link":"https:\/\/flexlan.com.br\/site\/?product=fone-de-ouvido-jbl-tune-520bt-bluetooth-preto-jblt520btblk","title":{"rendered":"FONE DE OUVIDO JBL TUNE 520BT BLUETOOTH &#8211; PRETO JBLT520BTBLK"},"content":{"rendered":"<div class=\"sc-7e0ca514-1 GiPKU\">\n<p><strong>Caracter\u00edsticas:<\/strong><\/p>\n<p>&#8211; Marca:\u00a0JBL<\/p>\n<p>&#8211; Modelo:\u00a0JBLT520BTBLK<\/p>\n<p>&nbsp;<\/p>\n<p><strong>Especifica\u00e7\u00f5es:\u00a0<\/strong><\/p>\n<p>&nbsp;<\/p>\n<p><strong>Gerais:<\/strong><\/p>\n<p>&#8211; Driver mm:33<\/p>\n<p>&#8211; Caracter\u00edsticas<\/p>\n<p>&#8211; Chamada Sem Utilizar as M\u00e3os<\/p>\n<p>&#8211; Charging cable<\/p>\n<p>&#8211; Dobr\u00e1veis<\/p>\n<p>&#8211; Microfone integrado<\/p>\n<p>&#8211; JBL Pure Bass Sound<\/p>\n<p>&#8211; Conex\u00e3o Multi-Point<\/p>\n<p>&#8211; Carregamento r\u00e1pido<\/p>\n<p>&#8211; Bluetooth<\/p>\n<p>&nbsp;<\/p>\n<p><strong>\u00c1udio:<\/strong><\/p>\n<p>&#8211; Sensibilidade do Driver a 1kHz1mW dB:102 dB SPL@ 1kHz 1mW<\/p>\n<p>&#8211; Resposta de Frequ\u00eancia Din\u00e2mica:20 Hz \u2013 20 kHz<\/p>\n<p>&#8211; Imped\u00e2ncia de entrada ohms:30<\/p>\n<p>&nbsp;<\/p>\n<p><strong>Controle e Conex\u00e3o:<\/strong><\/p>\n<p>&#8211; Vers\u00e3o do Bluetooth:5.3<\/p>\n<p>&#8211; Perfis bluetooth:HFP 1.7.2, AVRCP 1.6.2, A2DP 1.3.2<\/p>\n<p>&#8211; Faixa de frequ\u00eancia do emissor bluetooth:2.4 GHz \u2013 2.4835 GHz<\/p>\n<p>&#8211; GFSK de modula\u00e7\u00e3o do emissor bluetooth:GFSK, \u03c0\/4-DQPSK, 8-DPSK<\/p>\n<p>&#8211; Pot\u00eancia de emiss\u00e3o de bluetooth:6 dBm (E.I.R.P)<\/p>\n<p>&nbsp;<\/p>\n<p><strong>Bateria:<\/strong><\/p>\n<p>&#8211; Tempo de carregamento: h 2<\/p>\n<p>&#8211; Tempo m\u00e1ximo de jogo: horas 57<\/p>\n<p>&nbsp;<\/p>\n<p><strong>Conte\u00fado da Embalagem:<\/strong><\/p>\n<p>&#8211; 1 fone de ouvido JBL Tune 520BT<\/p>\n<p>&#8211; 1 cabo para recarga USB-C<\/p>\n<p>&#8211; 1 garantia\/advert\u00eancia<\/p>\n<p>&#8211; 1 guia de in\u00edcio r\u00e1pido<\/p>\n<\/div>\n<p>&nbsp;<\/p>\n<div class=\"sc-7e0ca514-2 cKkhYq\" data-testid=\"InfoGarantia\">\n<div class=\"sc-7e0ca514-4 ikipIN\">\n<h3>Garantia:<\/h3>\n<\/div>\n<div class=\"sc-7e0ca514-3 lnNTXx\">12 meses de garantia<\/div>\n<\/div>\n","protected":false},"excerpt":{"rendered":"<p>O JBL Tune 520BT apresenta o renomado som\u00a0<strong>JBL Pure Bass<\/strong>, o mesmo que toca nos locais mais famosos em todo o mundo.<\/p>\n<p>&nbsp;<\/p>\n<h2><strong>Tecnologia sem fio Bluetooth 5.3<\/strong><\/h2>\n<p>Transmita sem fio som de alta qualidade de seu smartphone sem cabos bagun\u00e7ados com a ajuda da mais recente tecnologia<strong>\u00a0Bluetooth.<\/strong><\/p>\n","protected":false},"featured_media":28743,"comment_status":"open","ping_status":"closed","template":"","meta":{"site-sidebar-layout":"default","site-content-layout":"","ast-site-content-layout":"default","site-content-style":"default","site-sidebar-style":"default","ast-global-header-display":"","ast-banner-title-visibility":"","ast-main-header-display":"","ast-hfb-above-header-display":"","ast-hfb-below-header-display":"","ast-hfb-mobile-header-display":"","site-post-title":"","ast-breadcrumbs-content":"","ast-featured-img":"","footer-sml-layout":"","theme-transparent-header-meta":"default","adv-header-id-meta":"","stick-header-meta":"","header-above-stick-meta":"","header-main-stick-meta":"","header-below-stick-meta":"","astra-migrate-meta-layouts":"set"},"product_cat":[52,54],"product_tag":[],"yoast_head":"<!-- This site is optimized with the Yoast SEO plugin v21.1 - https:\/\/yoast.com\/wordpress\/plugins\/seo\/ -->\n<title>FONE DE OUVIDO JBL TUNE 520BT BLUETOOTH - PRETO JBLT520BTBLK - FLEXLAN Inform\u00e1tica<\/title>\n<meta name=\"description\" content=\"Suprimentos e Manuten\u00e7\u00e3o de Computadores e Notebooks O JBL Tune 520BT apresenta o renomado som JBL Pure Bass, o mesmo que toca nos locais mais famosos em todo o mundo. Tecnologia sem fio Bluetooth 5.3Transmita sem fio som de alta qualidade de seu smartphone sem cabos bagun\u00e7ados com a ajuda da mais recente tecnologia Bluetooth.\" \/>\n<meta name=\"robots\" content=\"index, follow, max-snippet:-1, max-image-preview:large, max-video-preview:-1\" \/>\n<link rel=\"canonical\" href=\"https:\/\/flexlan.com.br\/site\/?product=fone-de-ouvido-jbl-tune-520bt-bluetooth-preto-jblt520btblk\" \/>\n<meta property=\"og:locale\" content=\"pt_BR\" \/>\n<meta property=\"og:type\" content=\"article\" \/>\n<meta property=\"og:title\" content=\"FONE DE OUVIDO JBL TUNE 520BT BLUETOOTH - PRETO JBLT520BTBLK - FLEXLAN Inform\u00e1tica\" \/>\n<meta property=\"og:description\" content=\"Suprimentos e Manuten\u00e7\u00e3o de Computadores e Notebooks O JBL Tune 520BT apresenta o renomado som JBL Pure Bass, o mesmo que toca nos locais mais famosos em todo o mundo. Tecnologia sem fio Bluetooth 5.3Transmita sem fio som de alta qualidade de seu smartphone sem cabos bagun\u00e7ados com a ajuda da mais recente tecnologia Bluetooth.\" \/>\n<meta property=\"og:url\" content=\"https:\/\/flexlan.com.br\/site\/?product=fone-de-ouvido-jbl-tune-520bt-bluetooth-preto-jblt520btblk\" \/>\n<meta property=\"og:site_name\" content=\"FLEXLAN Inform\u00e1tica\" \/>\n<meta property=\"article:publisher\" content=\"https:\/\/www.facebook.com\/FlexLanInformatica\" \/>\n<meta property=\"article:modified_time\" content=\"2024-05-11T13:30:18+00:00\" \/>\n<meta property=\"og:image\" content=\"https:\/\/flexlan.com.br\/site\/wp-content\/uploads\/2024\/05\/FONE-DE-OUVIDO-JBL-TUNE-520BT-BLUETOOTH-PRETO-JBLT520BTBLK.jpg\" \/>\n\t<meta property=\"og:image:width\" content=\"1000\" \/>\n\t<meta property=\"og:image:height\" content=\"1000\" \/>\n\t<meta property=\"og:image:type\" content=\"image\/jpeg\" \/>\n<meta name=\"twitter:card\" content=\"summary_large_image\" \/>\n<meta name=\"twitter:label1\" content=\"Est. tempo de leitura\" \/>\n\t<meta name=\"twitter:data1\" content=\"1 minuto\" \/>\n<script type=\"application\/ld+json\" class=\"yoast-schema-graph\">{\"@context\":\"https:\/\/schema.org\",\"@graph\":[{\"@type\":[\"WebPage\",\"ItemPage\"],\"@id\":\"https:\/\/flexlan.com.br\/site\/?product=fone-de-ouvido-jbl-tune-520bt-bluetooth-preto-jblt520btblk\",\"url\":\"https:\/\/flexlan.com.br\/site\/?product=fone-de-ouvido-jbl-tune-520bt-bluetooth-preto-jblt520btblk\",\"name\":\"FONE DE OUVIDO JBL TUNE 520BT BLUETOOTH - PRETO JBLT520BTBLK - FLEXLAN Inform\u00e1tica\",\"isPartOf\":{\"@id\":\"https:\/\/flexlan.com.br\/site\/#website\"},\"datePublished\":\"2024-05-11T13:30:15+00:00\",\"dateModified\":\"2024-05-11T13:30:18+00:00\",\"description\":\"Suprimentos e Manuten\u00e7\u00e3o de Computadores e Notebooks O JBL Tune 520BT apresenta o renomado som JBL Pure Bass, o mesmo que toca nos locais mais famosos em todo o mundo. Tecnologia sem fio Bluetooth 5.3Transmita sem fio som de alta qualidade de seu smartphone sem cabos bagun\u00e7ados com a ajuda da mais recente tecnologia Bluetooth.\",\"breadcrumb\":{\"@id\":\"https:\/\/flexlan.com.br\/site\/?product=fone-de-ouvido-jbl-tune-520bt-bluetooth-preto-jblt520btblk#breadcrumb\"},\"inLanguage\":\"pt-BR\",\"potentialAction\":[{\"@type\":\"ReadAction\",\"target\":[\"https:\/\/flexlan.com.br\/site\/?product=fone-de-ouvido-jbl-tune-520bt-bluetooth-preto-jblt520btblk\"]}]},{\"@type\":\"BreadcrumbList\",\"@id\":\"https:\/\/flexlan.com.br\/site\/?product=fone-de-ouvido-jbl-tune-520bt-bluetooth-preto-jblt520btblk#breadcrumb\",\"itemListElement\":[{\"@type\":\"ListItem\",\"position\":1,\"name\":\"In\u00edcio\",\"item\":\"https:\/\/flexlan.com.br\/site\/\"},{\"@type\":\"ListItem\",\"position\":2,\"name\":\"Shop\",\"item\":\"https:\/\/flexlan.com.br\/site\/?page_id=28271\"},{\"@type\":\"ListItem\",\"position\":3,\"name\":\"FONE DE OUVIDO JBL TUNE 520BT BLUETOOTH &#8211; PRETO JBLT520BTBLK\"}]},{\"@type\":\"WebSite\",\"@id\":\"https:\/\/flexlan.com.br\/site\/#website\",\"url\":\"https:\/\/flexlan.com.br\/site\/\",\"name\":\"FLEXLAN Inform\u00e1tica\",\"description\":\"Suprimentos e Manuten\u00e7\u00e3o de Computadores e Notebooks\",\"publisher\":{\"@id\":\"https:\/\/flexlan.com.br\/site\/#organization\"},\"alternateName\":\"FLEXLAN Inform\u00e1tica\",\"potentialAction\":[{\"@type\":\"SearchAction\",\"target\":{\"@type\":\"EntryPoint\",\"urlTemplate\":\"https:\/\/flexlan.com.br\/site\/?s={search_term_string}\"},\"query-input\":\"required name=search_term_string\"}],\"inLanguage\":\"pt-BR\"},{\"@type\":\"Organization\",\"@id\":\"https:\/\/flexlan.com.br\/site\/#organization\",\"name\":\"Flexlan inform\u00e1tica\",\"alternateName\":\"Suprimentos e Manuten\u00e7\u00e3o de Computadores e Notebooks\",\"url\":\"https:\/\/flexlan.com.br\/site\/\",\"logo\":{\"@type\":\"ImageObject\",\"inLanguage\":\"pt-BR\",\"@id\":\"https:\/\/flexlan.com.br\/site\/#\/schema\/logo\/image\/\",\"url\":\"https:\/\/flexlan.com.br\/site\/wp-content\/uploads\/2022\/03\/Logo2022.png\",\"contentUrl\":\"https:\/\/flexlan.com.br\/site\/wp-content\/uploads\/2022\/03\/Logo2022.png\",\"width\":796,\"height\":228,\"caption\":\"Flexlan inform\u00e1tica\"},\"image\":{\"@id\":\"https:\/\/flexlan.com.br\/site\/#\/schema\/logo\/image\/\"},\"sameAs\":[\"https:\/\/www.facebook.com\/FlexLanInformatica\",\"https:\/\/instagram.com\/flexlan\"]}]}<\/script>\n<!-- \/ Yoast SEO plugin. -->","yoast_head_json":{"title":"FONE DE OUVIDO JBL TUNE 520BT BLUETOOTH - PRETO JBLT520BTBLK - FLEXLAN Inform\u00e1tica","description":"Suprimentos e Manuten\u00e7\u00e3o de Computadores e Notebooks O JBL Tune 520BT apresenta o renomado som JBL Pure Bass, o mesmo que toca nos locais mais famosos em todo o mundo. Tecnologia sem fio Bluetooth 5.3Transmita sem fio som de alta qualidade de seu smartphone sem cabos bagun\u00e7ados com a ajuda da mais recente tecnologia Bluetooth.","robots":{"index":"index","follow":"follow","max-snippet":"max-snippet:-1","max-image-preview":"max-image-preview:large","max-video-preview":"max-video-preview:-1"},"canonical":"https:\/\/flexlan.com.br\/site\/?product=fone-de-ouvido-jbl-tune-520bt-bluetooth-preto-jblt520btblk","og_locale":"pt_BR","og_type":"article","og_title":"FONE DE OUVIDO JBL TUNE 520BT BLUETOOTH - PRETO JBLT520BTBLK - FLEXLAN Inform\u00e1tica","og_description":"Suprimentos e Manuten\u00e7\u00e3o de Computadores e Notebooks O JBL Tune 520BT apresenta o renomado som JBL Pure Bass, o mesmo que toca nos locais mais famosos em todo o mundo. Tecnologia sem fio Bluetooth 5.3Transmita sem fio som de alta qualidade de seu smartphone sem cabos bagun\u00e7ados com a ajuda da mais recente tecnologia Bluetooth.","og_url":"https:\/\/flexlan.com.br\/site\/?product=fone-de-ouvido-jbl-tune-520bt-bluetooth-preto-jblt520btblk","og_site_name":"FLEXLAN Inform\u00e1tica","article_publisher":"https:\/\/www.facebook.com\/FlexLanInformatica","article_modified_time":"2024-05-11T13:30:18+00:00","og_image":[{"width":1000,"height":1000,"url":"https:\/\/flexlan.com.br\/site\/wp-content\/uploads\/2024\/05\/FONE-DE-OUVIDO-JBL-TUNE-520BT-BLUETOOTH-PRETO-JBLT520BTBLK.jpg","type":"image\/jpeg"}],"twitter_card":"summary_large_image","twitter_misc":{"Est. tempo de leitura":"1 minuto"},"schema":{"@context":"https:\/\/schema.org","@graph":[{"@type":["WebPage","ItemPage"],"@id":"https:\/\/flexlan.com.br\/site\/?product=fone-de-ouvido-jbl-tune-520bt-bluetooth-preto-jblt520btblk","url":"https:\/\/flexlan.com.br\/site\/?product=fone-de-ouvido-jbl-tune-520bt-bluetooth-preto-jblt520btblk","name":"FONE DE OUVIDO JBL TUNE 520BT BLUETOOTH - PRETO JBLT520BTBLK - FLEXLAN Inform\u00e1tica","isPartOf":{"@id":"https:\/\/flexlan.com.br\/site\/#website"},"datePublished":"2024-05-11T13:30:15+00:00","dateModified":"2024-05-11T13:30:18+00:00","description":"Suprimentos e Manuten\u00e7\u00e3o de Computadores e Notebooks O JBL Tune 520BT apresenta o renomado som JBL Pure Bass, o mesmo que toca nos locais mais famosos em todo o mundo. Tecnologia sem fio Bluetooth 5.3Transmita sem fio som de alta qualidade de seu smartphone sem cabos bagun\u00e7ados com a ajuda da mais recente tecnologia Bluetooth.","breadcrumb":{"@id":"https:\/\/flexlan.com.br\/site\/?product=fone-de-ouvido-jbl-tune-520bt-bluetooth-preto-jblt520btblk#breadcrumb"},"inLanguage":"pt-BR","potentialAction":[{"@type":"ReadAction","target":["https:\/\/flexlan.com.br\/site\/?product=fone-de-ouvido-jbl-tune-520bt-bluetooth-preto-jblt520btblk"]}]},{"@type":"BreadcrumbList","@id":"https:\/\/flexlan.com.br\/site\/?product=fone-de-ouvido-jbl-tune-520bt-bluetooth-preto-jblt520btblk#breadcrumb","itemListElement":[{"@type":"ListItem","position":1,"name":"In\u00edcio","item":"https:\/\/flexlan.com.br\/site\/"},{"@type":"ListItem","position":2,"name":"Shop","item":"https:\/\/flexlan.com.br\/site\/?page_id=28271"},{"@type":"ListItem","position":3,"name":"FONE DE OUVIDO JBL TUNE 520BT BLUETOOTH &#8211; PRETO JBLT520BTBLK"}]},{"@type":"WebSite","@id":"https:\/\/flexlan.com.br\/site\/#website","url":"https:\/\/flexlan.com.br\/site\/","name":"FLEXLAN Inform\u00e1tica","description":"Suprimentos e Manuten\u00e7\u00e3o de Computadores e Notebooks","publisher":{"@id":"https:\/\/flexlan.com.br\/site\/#organization"},"alternateName":"FLEXLAN Inform\u00e1tica","potentialAction":[{"@type":"SearchAction","target":{"@type":"EntryPoint","urlTemplate":"https:\/\/flexlan.com.br\/site\/?s={search_term_string}"},"query-input":"required name=search_term_string"}],"inLanguage":"pt-BR"},{"@type":"Organization","@id":"https:\/\/flexlan.com.br\/site\/#organization","name":"Flexlan inform\u00e1tica","alternateName":"Suprimentos e Manuten\u00e7\u00e3o de Computadores e Notebooks","url":"https:\/\/flexlan.com.br\/site\/","logo":{"@type":"ImageObject","inLanguage":"pt-BR","@id":"https:\/\/flexlan.com.br\/site\/#\/schema\/logo\/image\/","url":"https:\/\/flexlan.com.br\/site\/wp-content\/uploads\/2022\/03\/Logo2022.png","contentUrl":"https:\/\/flexlan.com.br\/site\/wp-content\/uploads\/2022\/03\/Logo2022.png","width":796,"height":228,"caption":"Flexlan inform\u00e1tica"},"image":{"@id":"https:\/\/flexlan.com.br\/site\/#\/schema\/logo\/image\/"},"sameAs":["https:\/\/www.facebook.com\/FlexLanInformatica","https:\/\/instagram.com\/flexlan"]}]}},"_links":{"self":[{"href":"https:\/\/flexlan.com.br\/site\/index.php?rest_route=\/wp\/v2\/product\/28740"}],"collection":[{"href":"https:\/\/flexlan.com.br\/site\/index.php?rest_route=\/wp\/v2\/product"}],"about":[{"href":"https:\/\/flexlan.com.br\/site\/index.php?rest_route=\/wp\/v2\/types\/product"}],"replies":[{"embeddable":true,"href":"https:\/\/flexlan.com.br\/site\/index.php?rest_route=%2Fwp%2Fv2%2Fcomments&post=28740"}],"wp:featuredmedia":[{"embeddable":true,"href":"https:\/\/flexlan.com.br\/site\/index.php?rest_route=\/wp\/v2\/media\/28743"}],"wp:attachment":[{"href":"https:\/\/flexlan.com.br\/site\/index.php?rest_route=%2Fwp%2Fv2%2Fmedia&parent=28740"}],"wp:term":[{"taxonomy":"product_cat","embeddable":true,"href":"https:\/\/flexlan.com.br\/site\/index.php?rest_route=%2Fwp%2Fv2%2Fproduct_cat&post=28740"},{"taxonomy":"product_tag","embeddable":true,"href":"https:\/\/flexlan.com.br\/site\/index.php?rest_route=%2Fwp%2Fv2%2Fproduct_tag&post=28740"}],"curies":[{"name":"wp","href":"https:\/\/api.w.org\/{rel}","templated":true}]}}