{"id":28593,"date":"2023-11-27T15:43:15","date_gmt":"2023-11-27T18:43:15","guid":{"rendered":"https:\/\/flexlan.com.br\/site\/?post_type=product&#038;p=28593"},"modified":"2023-11-27T15:43:16","modified_gmt":"2023-11-27T18:43:16","slug":"placa-de-video-radeon-rx-580-8gb-gddr5-256-bits-2048sp-dual-fan","status":"publish","type":"product","link":"https:\/\/flexlan.com.br\/site\/?product=placa-de-video-radeon-rx-580-8gb-gddr5-256-bits-2048sp-dual-fan","title":{"rendered":"PLACA DE VIDEO RADEON RX 580 8GB GDDR5 256 BITS 2048SP DUAL-FAN"},"content":{"rendered":"<p>PLACA DE VIDEO AMD RADEON RX 580 2048SP 8GB GDDR5 256 BITS DUAL-FAN GRAFFITI SERIES &#8211; PVRX580LP8GBDF<\/p>\n<p>Shaders: 2304 SP<br \/>\nGPU Clock: 1340 Mhz<br \/>\nROPs: 32<br \/>\nTMUs: 144<br \/>\nTexture Filltrate 193.0 GT\/S<br \/>\nMem\u00f3ria: 8GB GDDR5<br \/>\nInterface da mem\u00f3ria: 256 bit<br \/>\nMemory Clock: 8000 MHZ<br \/>\nInterface: PCI Express X16 3.0<br \/>\nPortas de Sa\u00edda: 1x DVI l 3x DP l 1x HDMI<br \/>\nPot\u00eancia da Placa Gr\u00e1fica: 175W<br \/>\nConectores de alimenta\u00e7\u00e3o: 8pin x1<br \/>\nDirectX: 12<br \/>\nOpenGL: 4.6<br \/>\nOpenCL: 2.1<br \/>\nVULKAN: 1.3<br \/>\nShader Model: 6.7<\/p>\n","protected":false},"excerpt":{"rendered":"<p>O dissipador de calor da RADEON RX 580, ajuda a reduzir a temperatura da GPU conta com 6 heatpipes de 6mm de cobre niquelado, desenvolvido para garantir um resfriamento eficiente. Os coolers em rolamentos duplos em esferas (Ball Bearings) s\u00e3o excelentes em durabilidade para sua RX 580.<\/p>\n","protected":false},"featured_media":28597,"comment_status":"open","ping_status":"closed","template":"","meta":{"site-sidebar-layout":"default","site-content-layout":"","ast-site-content-layout":"default","site-content-style":"default","site-sidebar-style":"default","ast-global-header-display":"","ast-banner-title-visibility":"","ast-main-header-display":"","ast-hfb-above-header-display":"","ast-hfb-below-header-display":"","ast-hfb-mobile-header-display":"","site-post-title":"","ast-breadcrumbs-content":"","ast-featured-img":"","footer-sml-layout":"","theme-transparent-header-meta":"default","adv-header-id-meta":"","stick-header-meta":"","header-above-stick-meta":"","header-main-stick-meta":"","header-below-stick-meta":"","astra-migrate-meta-layouts":"set"},"product_cat":[21,83,29],"product_tag":[],"yoast_head":"<!-- This site is optimized with the Yoast SEO plugin v21.1 - https:\/\/yoast.com\/wordpress\/plugins\/seo\/ -->\n<title>PLACA DE VIDEO RADEON RX 580 8GB GDDR5 256 BITS 2048SP DUAL-FAN - FLEXLAN Inform\u00e1tica<\/title>\n<meta name=\"description\" content=\"O dissipador de calor da RADEON RX 580, ajuda a reduzir a temperatura da GPU conta com 6 heatpipes de 6mm de cobre niquelado, desenvolvido para garantir um resfriamento eficiente. Os coolers em rolamentos duplos em esferas (Ball Bearings) s\u00e3o excelentes em durabilidade para sua RX 580.\" \/>\n<meta name=\"robots\" content=\"index, follow, max-snippet:-1, max-image-preview:large, max-video-preview:-1\" \/>\n<link rel=\"canonical\" href=\"https:\/\/flexlan.com.br\/site\/?product=placa-de-video-radeon-rx-580-8gb-gddr5-256-bits-2048sp-dual-fan\" \/>\n<meta property=\"og:locale\" content=\"pt_BR\" \/>\n<meta property=\"og:type\" content=\"article\" \/>\n<meta property=\"og:title\" content=\"PLACA DE VIDEO RADEON RX 580 8GB GDDR5 256 BITS 2048SP DUAL-FAN - FLEXLAN Inform\u00e1tica\" \/>\n<meta property=\"og:description\" content=\"O dissipador de calor da RADEON RX 580, ajuda a reduzir a temperatura da GPU conta com 6 heatpipes de 6mm de cobre niquelado, desenvolvido para garantir um resfriamento eficiente. Os coolers em rolamentos duplos em esferas (Ball Bearings) s\u00e3o excelentes em durabilidade para sua RX 580.\" \/>\n<meta property=\"og:url\" content=\"https:\/\/flexlan.com.br\/site\/?product=placa-de-video-radeon-rx-580-8gb-gddr5-256-bits-2048sp-dual-fan\" \/>\n<meta property=\"og:site_name\" content=\"FLEXLAN Inform\u00e1tica\" \/>\n<meta property=\"article:publisher\" content=\"https:\/\/www.facebook.com\/FlexLanInformatica\" \/>\n<meta property=\"article:modified_time\" content=\"2023-11-27T18:43:16+00:00\" \/>\n<meta property=\"og:image\" content=\"https:\/\/flexlan.com.br\/site\/wp-content\/uploads\/2023\/11\/PLACA-DE-VIDEO-RADEON-RX-580-8GB-GDDR5-256-BITS-2048SP-DUAL-FAN-GRAFFITI-SERIES.jpeg\" \/>\n\t<meta property=\"og:image:width\" content=\"700\" \/>\n\t<meta property=\"og:image:height\" content=\"700\" \/>\n\t<meta property=\"og:image:type\" content=\"image\/jpeg\" \/>\n<meta name=\"twitter:card\" content=\"summary_large_image\" \/>\n<meta name=\"twitter:label1\" content=\"Est. tempo de leitura\" \/>\n\t<meta name=\"twitter:data1\" content=\"1 minuto\" \/>\n<script type=\"application\/ld+json\" class=\"yoast-schema-graph\">{\"@context\":\"https:\/\/schema.org\",\"@graph\":[{\"@type\":[\"WebPage\",\"ItemPage\"],\"@id\":\"https:\/\/flexlan.com.br\/site\/?product=placa-de-video-radeon-rx-580-8gb-gddr5-256-bits-2048sp-dual-fan\",\"url\":\"https:\/\/flexlan.com.br\/site\/?product=placa-de-video-radeon-rx-580-8gb-gddr5-256-bits-2048sp-dual-fan\",\"name\":\"PLACA DE VIDEO RADEON RX 580 8GB GDDR5 256 BITS 2048SP DUAL-FAN - FLEXLAN Inform\u00e1tica\",\"isPartOf\":{\"@id\":\"https:\/\/flexlan.com.br\/site\/#website\"},\"datePublished\":\"2023-11-27T18:43:15+00:00\",\"dateModified\":\"2023-11-27T18:43:16+00:00\",\"description\":\"O dissipador de calor da RADEON RX 580, ajuda a reduzir a temperatura da GPU conta com 6 heatpipes de 6mm de cobre niquelado, desenvolvido para garantir um resfriamento eficiente. Os coolers em rolamentos duplos em esferas (Ball Bearings) s\u00e3o excelentes em durabilidade para sua RX 580.\",\"breadcrumb\":{\"@id\":\"https:\/\/flexlan.com.br\/site\/?product=placa-de-video-radeon-rx-580-8gb-gddr5-256-bits-2048sp-dual-fan#breadcrumb\"},\"inLanguage\":\"pt-BR\",\"potentialAction\":[{\"@type\":\"ReadAction\",\"target\":[\"https:\/\/flexlan.com.br\/site\/?product=placa-de-video-radeon-rx-580-8gb-gddr5-256-bits-2048sp-dual-fan\"]}]},{\"@type\":\"BreadcrumbList\",\"@id\":\"https:\/\/flexlan.com.br\/site\/?product=placa-de-video-radeon-rx-580-8gb-gddr5-256-bits-2048sp-dual-fan#breadcrumb\",\"itemListElement\":[{\"@type\":\"ListItem\",\"position\":1,\"name\":\"In\u00edcio\",\"item\":\"https:\/\/flexlan.com.br\/site\/\"},{\"@type\":\"ListItem\",\"position\":2,\"name\":\"Shop\",\"item\":\"https:\/\/flexlan.com.br\/site\/?page_id=28271\"},{\"@type\":\"ListItem\",\"position\":3,\"name\":\"PLACA DE VIDEO RADEON RX 580 8GB GDDR5 256 BITS 2048SP DUAL-FAN\"}]},{\"@type\":\"WebSite\",\"@id\":\"https:\/\/flexlan.com.br\/site\/#website\",\"url\":\"https:\/\/flexlan.com.br\/site\/\",\"name\":\"FLEXLAN Inform\u00e1tica\",\"description\":\"Suprimentos e Manuten\u00e7\u00e3o de Computadores e Notebooks\",\"publisher\":{\"@id\":\"https:\/\/flexlan.com.br\/site\/#organization\"},\"alternateName\":\"FLEXLAN Inform\u00e1tica\",\"potentialAction\":[{\"@type\":\"SearchAction\",\"target\":{\"@type\":\"EntryPoint\",\"urlTemplate\":\"https:\/\/flexlan.com.br\/site\/?s={search_term_string}\"},\"query-input\":\"required name=search_term_string\"}],\"inLanguage\":\"pt-BR\"},{\"@type\":\"Organization\",\"@id\":\"https:\/\/flexlan.com.br\/site\/#organization\",\"name\":\"Flexlan inform\u00e1tica\",\"alternateName\":\"Suprimentos e Manuten\u00e7\u00e3o de Computadores e Notebooks\",\"url\":\"https:\/\/flexlan.com.br\/site\/\",\"logo\":{\"@type\":\"ImageObject\",\"inLanguage\":\"pt-BR\",\"@id\":\"https:\/\/flexlan.com.br\/site\/#\/schema\/logo\/image\/\",\"url\":\"https:\/\/flexlan.com.br\/site\/wp-content\/uploads\/2022\/03\/Logo2022.png\",\"contentUrl\":\"https:\/\/flexlan.com.br\/site\/wp-content\/uploads\/2022\/03\/Logo2022.png\",\"width\":796,\"height\":228,\"caption\":\"Flexlan inform\u00e1tica\"},\"image\":{\"@id\":\"https:\/\/flexlan.com.br\/site\/#\/schema\/logo\/image\/\"},\"sameAs\":[\"https:\/\/www.facebook.com\/FlexLanInformatica\",\"https:\/\/instagram.com\/flexlan\"]}]}<\/script>\n<!-- \/ Yoast SEO plugin. -->","yoast_head_json":{"title":"PLACA DE VIDEO RADEON RX 580 8GB GDDR5 256 BITS 2048SP DUAL-FAN - FLEXLAN Inform\u00e1tica","description":"O dissipador de calor da RADEON RX 580, ajuda a reduzir a temperatura da GPU conta com 6 heatpipes de 6mm de cobre niquelado, desenvolvido para garantir um resfriamento eficiente. Os coolers em rolamentos duplos em esferas (Ball Bearings) s\u00e3o excelentes em durabilidade para sua RX 580.","robots":{"index":"index","follow":"follow","max-snippet":"max-snippet:-1","max-image-preview":"max-image-preview:large","max-video-preview":"max-video-preview:-1"},"canonical":"https:\/\/flexlan.com.br\/site\/?product=placa-de-video-radeon-rx-580-8gb-gddr5-256-bits-2048sp-dual-fan","og_locale":"pt_BR","og_type":"article","og_title":"PLACA DE VIDEO RADEON RX 580 8GB GDDR5 256 BITS 2048SP DUAL-FAN - FLEXLAN Inform\u00e1tica","og_description":"O dissipador de calor da RADEON RX 580, ajuda a reduzir a temperatura da GPU conta com 6 heatpipes de 6mm de cobre niquelado, desenvolvido para garantir um resfriamento eficiente. Os coolers em rolamentos duplos em esferas (Ball Bearings) s\u00e3o excelentes em durabilidade para sua RX 580.","og_url":"https:\/\/flexlan.com.br\/site\/?product=placa-de-video-radeon-rx-580-8gb-gddr5-256-bits-2048sp-dual-fan","og_site_name":"FLEXLAN Inform\u00e1tica","article_publisher":"https:\/\/www.facebook.com\/FlexLanInformatica","article_modified_time":"2023-11-27T18:43:16+00:00","og_image":[{"width":700,"height":700,"url":"https:\/\/flexlan.com.br\/site\/wp-content\/uploads\/2023\/11\/PLACA-DE-VIDEO-RADEON-RX-580-8GB-GDDR5-256-BITS-2048SP-DUAL-FAN-GRAFFITI-SERIES.jpeg","type":"image\/jpeg"}],"twitter_card":"summary_large_image","twitter_misc":{"Est. tempo de leitura":"1 minuto"},"schema":{"@context":"https:\/\/schema.org","@graph":[{"@type":["WebPage","ItemPage"],"@id":"https:\/\/flexlan.com.br\/site\/?product=placa-de-video-radeon-rx-580-8gb-gddr5-256-bits-2048sp-dual-fan","url":"https:\/\/flexlan.com.br\/site\/?product=placa-de-video-radeon-rx-580-8gb-gddr5-256-bits-2048sp-dual-fan","name":"PLACA DE VIDEO RADEON RX 580 8GB GDDR5 256 BITS 2048SP DUAL-FAN - FLEXLAN Inform\u00e1tica","isPartOf":{"@id":"https:\/\/flexlan.com.br\/site\/#website"},"datePublished":"2023-11-27T18:43:15+00:00","dateModified":"2023-11-27T18:43:16+00:00","description":"O dissipador de calor da RADEON RX 580, ajuda a reduzir a temperatura da GPU conta com 6 heatpipes de 6mm de cobre niquelado, desenvolvido para garantir um resfriamento eficiente. Os coolers em rolamentos duplos em esferas (Ball Bearings) s\u00e3o excelentes em durabilidade para sua RX 580.","breadcrumb":{"@id":"https:\/\/flexlan.com.br\/site\/?product=placa-de-video-radeon-rx-580-8gb-gddr5-256-bits-2048sp-dual-fan#breadcrumb"},"inLanguage":"pt-BR","potentialAction":[{"@type":"ReadAction","target":["https:\/\/flexlan.com.br\/site\/?product=placa-de-video-radeon-rx-580-8gb-gddr5-256-bits-2048sp-dual-fan"]}]},{"@type":"BreadcrumbList","@id":"https:\/\/flexlan.com.br\/site\/?product=placa-de-video-radeon-rx-580-8gb-gddr5-256-bits-2048sp-dual-fan#breadcrumb","itemListElement":[{"@type":"ListItem","position":1,"name":"In\u00edcio","item":"https:\/\/flexlan.com.br\/site\/"},{"@type":"ListItem","position":2,"name":"Shop","item":"https:\/\/flexlan.com.br\/site\/?page_id=28271"},{"@type":"ListItem","position":3,"name":"PLACA DE VIDEO RADEON RX 580 8GB GDDR5 256 BITS 2048SP DUAL-FAN"}]},{"@type":"WebSite","@id":"https:\/\/flexlan.com.br\/site\/#website","url":"https:\/\/flexlan.com.br\/site\/","name":"FLEXLAN Inform\u00e1tica","description":"Suprimentos e Manuten\u00e7\u00e3o de Computadores e Notebooks","publisher":{"@id":"https:\/\/flexlan.com.br\/site\/#organization"},"alternateName":"FLEXLAN Inform\u00e1tica","potentialAction":[{"@type":"SearchAction","target":{"@type":"EntryPoint","urlTemplate":"https:\/\/flexlan.com.br\/site\/?s={search_term_string}"},"query-input":"required name=search_term_string"}],"inLanguage":"pt-BR"},{"@type":"Organization","@id":"https:\/\/flexlan.com.br\/site\/#organization","name":"Flexlan inform\u00e1tica","alternateName":"Suprimentos e Manuten\u00e7\u00e3o de Computadores e Notebooks","url":"https:\/\/flexlan.com.br\/site\/","logo":{"@type":"ImageObject","inLanguage":"pt-BR","@id":"https:\/\/flexlan.com.br\/site\/#\/schema\/logo\/image\/","url":"https:\/\/flexlan.com.br\/site\/wp-content\/uploads\/2022\/03\/Logo2022.png","contentUrl":"https:\/\/flexlan.com.br\/site\/wp-content\/uploads\/2022\/03\/Logo2022.png","width":796,"height":228,"caption":"Flexlan inform\u00e1tica"},"image":{"@id":"https:\/\/flexlan.com.br\/site\/#\/schema\/logo\/image\/"},"sameAs":["https:\/\/www.facebook.com\/FlexLanInformatica","https:\/\/instagram.com\/flexlan"]}]}},"_links":{"self":[{"href":"https:\/\/flexlan.com.br\/site\/index.php?rest_route=\/wp\/v2\/product\/28593"}],"collection":[{"href":"https:\/\/flexlan.com.br\/site\/index.php?rest_route=\/wp\/v2\/product"}],"about":[{"href":"https:\/\/flexlan.com.br\/site\/index.php?rest_route=\/wp\/v2\/types\/product"}],"replies":[{"embeddable":true,"href":"https:\/\/flexlan.com.br\/site\/index.php?rest_route=%2Fwp%2Fv2%2Fcomments&post=28593"}],"wp:featuredmedia":[{"embeddable":true,"href":"https:\/\/flexlan.com.br\/site\/index.php?rest_route=\/wp\/v2\/media\/28597"}],"wp:attachment":[{"href":"https:\/\/flexlan.com.br\/site\/index.php?rest_route=%2Fwp%2Fv2%2Fmedia&parent=28593"}],"wp:term":[{"taxonomy":"product_cat","embeddable":true,"href":"https:\/\/flexlan.com.br\/site\/index.php?rest_route=%2Fwp%2Fv2%2Fproduct_cat&post=28593"},{"taxonomy":"product_tag","embeddable":true,"href":"https:\/\/flexlan.com.br\/site\/index.php?rest_route=%2Fwp%2Fv2%2Fproduct_tag&post=28593"}],"curies":[{"name":"wp","href":"https:\/\/api.w.org\/{rel}","templated":true}]}}