{"id":18882,"date":"2021-08-25T18:24:54","date_gmt":"2021-08-25T21:24:54","guid":{"rendered":"https:\/\/flexlan.com.br\/site\/?post_type=product&#038;p=18882"},"modified":"2025-06-10T11:03:59","modified_gmt":"2025-06-10T14:03:59","slug":"monitor-gamer-led-24-samsung-lc24f390-curvo-full-hd-hdmi-vga","status":"publish","type":"product","link":"https:\/\/flexlan.com.br\/site\/?product=monitor-gamer-led-24-samsung-lc24f390-curvo-full-hd-hdmi-vga","title":{"rendered":"MONITOR GAMER LED 24 SAMSUNG LC24F390 CURVO FULL HD HDMI\/VGA"},"content":{"rendered":"<p>Caracter\u00edsticas:<\/p>\n<p>&#8211; Marca: Samsung<\/p>\n<p>&#8211; Modelo: LC24F390FHLMZD <\/p>\n<p>Especifica\u00e7\u00f5es:<\/p>\n<p>Tela:<\/p>\n<p>&#8211; \u00c2ngulo de vis\u00e3o: 178\u00b0<\/p>\n<p>&#8211; Propor\u00e7\u00e3o de tela: 16:9<\/p>\n<p>&#8211; Resolu\u00e7\u00e3o: 1920 x 1080<\/p>\n<p>&#8211; Curvatura da tela: 1800R<\/p>\n<p>&#8211; Tamanho: 24&#8243;<\/p>\n<p>&#8211; Brilho (Min): 200 cd \/ m2<\/p>\n<p>&#8211; Resolu\u00e7\u00e3o: 1920&#215;1080 (Full HD)<\/p>\n<p>&#8211; Cor: 16.7M<\/p>\n<p>Energia:<\/p>\n<p>&#8211; Power: Adaptador Externo<\/p>\n<p>&#8211; Voltagem: 100~240V 50\/60Hz<\/p>\n<p>&#8211; Stand By Power: 0.3W<\/p>\n<p>&#8211; Consumo de energia (m\u00e1x.): 25W<\/p>\n<p>&#8211; Consumo (desligado): <0,3W\n\n- Consumo t\u00edpico: 24W\n\n- Consumo anual: 35 kWh\/ano\n\n \n\nGeral:\n\n- Game Mode\n\n- Flicker Free\n\n- AMD Free Sync\n\n- Tempo de Resposta: 4 ms\n\n \n\nDimens\u00f5es:\n\n- Dimens\u00e3o conj. c\/ suporte : 547,8 x 418,2 x 206,5 mm\n\n- Dimens\u00e3o conj. s\/ suporte: 547,8 x 326,3 x 87,6 mm\n\n \n\nInterface:\n\n- 1x VGA\n\n- 1x HDMI\n\n- 1x Fones de ouvido\n\n \n\nOpera\u00e7\u00e3o:\n\n- Temperatura: 10-40\u00baC\n\n- Umidade: 10-80% (sem condensa\u00e7\u00e3o)\n\n\n\nConte\u00fado da embalagem:\n\n- Monitor Samsung\n\n- Cabo de alimenta\u00e7\u00e3o\n\n- CD de instala\u00e7\u00e3o\n\n- Guia de configura\u00e7\u00e3o r\u00e1pida\n\n- Cabo HDMI\n\n \n\n\nGarantia:\n12 meses de garantia\n\n<\/p>\n","protected":false},"excerpt":{"rendered":"<p>Os monitores de tela curva da Samsung prometem uma experi\u00eancia completamente imersiva para voc\u00ea desfrutar do conforto visual e imagens de alt\u00edssima defini\u00e7\u00e3o. O design \u00e9 pensado para que voc\u00ea se sinta dentro de cada cena, seja em v\u00eddeos e filmes ou games insanos.<\/p>\n","protected":false},"featured_media":18883,"comment_status":"open","ping_status":"closed","template":"","meta":{"site-sidebar-layout":"default","site-content-layout":"","ast-site-content-layout":"","site-content-style":"default","site-sidebar-style":"default","ast-global-header-display":"","ast-banner-title-visibility":"","ast-main-header-display":"","ast-hfb-above-header-display":"","ast-hfb-below-header-display":"","ast-hfb-mobile-header-display":"","site-post-title":"","ast-breadcrumbs-content":"","ast-featured-img":"","footer-sml-layout":"","theme-transparent-header-meta":"","adv-header-id-meta":"","stick-header-meta":"","header-above-stick-meta":"","header-main-stick-meta":"","header-below-stick-meta":"","astra-migrate-meta-layouts":""},"product_cat":[26],"product_tag":[],"yoast_head":"<!-- This site is optimized with the Yoast SEO plugin v21.1 - https:\/\/yoast.com\/wordpress\/plugins\/seo\/ -->\n<title>MONITOR GAMER LED 24 SAMSUNG LC24F390 CURVO FULL HD HDMI\/VGA - FLEXLAN Inform\u00e1tica<\/title>\n<meta name=\"description\" content=\"Suprimentos e Manuten\u00e7\u00e3o de Computadores e Notebooks\" \/>\n<meta name=\"robots\" content=\"index, follow, max-snippet:-1, max-image-preview:large, max-video-preview:-1\" \/>\n<link rel=\"canonical\" href=\"https:\/\/flexlan.com.br\/site\/?product=monitor-gamer-led-24-samsung-lc24f390-curvo-full-hd-hdmi-vga\" \/>\n<meta property=\"og:locale\" content=\"pt_BR\" \/>\n<meta property=\"og:type\" content=\"article\" \/>\n<meta property=\"og:title\" content=\"MONITOR GAMER LED 24 SAMSUNG LC24F390 CURVO FULL HD HDMI\/VGA - FLEXLAN Inform\u00e1tica\" \/>\n<meta property=\"og:description\" content=\"Suprimentos e Manuten\u00e7\u00e3o de Computadores e Notebooks\" \/>\n<meta property=\"og:url\" content=\"https:\/\/flexlan.com.br\/site\/?product=monitor-gamer-led-24-samsung-lc24f390-curvo-full-hd-hdmi-vga\" \/>\n<meta property=\"og:site_name\" content=\"FLEXLAN Inform\u00e1tica\" \/>\n<meta property=\"article:publisher\" content=\"https:\/\/www.facebook.com\/FlexLanInformatica\" \/>\n<meta property=\"article:modified_time\" content=\"2025-06-10T14:03:59+00:00\" \/>\n<meta property=\"og:image\" content=\"https:\/\/flexlan.com.br\/site\/wp-content\/uploads\/2021\/08\/MONITOR-LED-24-SAMSUNG-LC24F390-CURVO-FULL-HD.jpg\" \/>\n\t<meta property=\"og:image:width\" content=\"1000\" \/>\n\t<meta property=\"og:image:height\" content=\"1000\" \/>\n\t<meta property=\"og:image:type\" content=\"image\/jpeg\" \/>\n<meta name=\"twitter:card\" content=\"summary_large_image\" \/>\n<script type=\"application\/ld+json\" class=\"yoast-schema-graph\">{\"@context\":\"https:\/\/schema.org\",\"@graph\":[{\"@type\":[\"WebPage\",\"ItemPage\"],\"@id\":\"https:\/\/flexlan.com.br\/site\/?product=monitor-gamer-led-24-samsung-lc24f390-curvo-full-hd-hdmi-vga\",\"url\":\"https:\/\/flexlan.com.br\/site\/?product=monitor-gamer-led-24-samsung-lc24f390-curvo-full-hd-hdmi-vga\",\"name\":\"MONITOR GAMER LED 24 SAMSUNG LC24F390 CURVO FULL HD HDMI\/VGA - FLEXLAN Inform\u00e1tica\",\"isPartOf\":{\"@id\":\"https:\/\/flexlan.com.br\/site\/#website\"},\"datePublished\":\"2021-08-25T21:24:54+00:00\",\"dateModified\":\"2025-06-10T14:03:59+00:00\",\"description\":\"Suprimentos e Manuten\u00e7\u00e3o de Computadores e Notebooks\",\"breadcrumb\":{\"@id\":\"https:\/\/flexlan.com.br\/site\/?product=monitor-gamer-led-24-samsung-lc24f390-curvo-full-hd-hdmi-vga#breadcrumb\"},\"inLanguage\":\"pt-BR\",\"potentialAction\":[{\"@type\":\"ReadAction\",\"target\":[\"https:\/\/flexlan.com.br\/site\/?product=monitor-gamer-led-24-samsung-lc24f390-curvo-full-hd-hdmi-vga\"]}]},{\"@type\":\"BreadcrumbList\",\"@id\":\"https:\/\/flexlan.com.br\/site\/?product=monitor-gamer-led-24-samsung-lc24f390-curvo-full-hd-hdmi-vga#breadcrumb\",\"itemListElement\":[{\"@type\":\"ListItem\",\"position\":1,\"name\":\"In\u00edcio\",\"item\":\"https:\/\/flexlan.com.br\/site\/\"},{\"@type\":\"ListItem\",\"position\":2,\"name\":\"Shop\",\"item\":\"https:\/\/flexlan.com.br\/site\/?page_id=28271\"},{\"@type\":\"ListItem\",\"position\":3,\"name\":\"MONITOR GAMER LED 24 SAMSUNG LC24F390 CURVO FULL HD HDMI\/VGA\"}]},{\"@type\":\"WebSite\",\"@id\":\"https:\/\/flexlan.com.br\/site\/#website\",\"url\":\"https:\/\/flexlan.com.br\/site\/\",\"name\":\"FLEXLAN Inform\u00e1tica\",\"description\":\"Suprimentos e Manuten\u00e7\u00e3o de Computadores e Notebooks\",\"publisher\":{\"@id\":\"https:\/\/flexlan.com.br\/site\/#organization\"},\"alternateName\":\"FLEXLAN Inform\u00e1tica\",\"potentialAction\":[{\"@type\":\"SearchAction\",\"target\":{\"@type\":\"EntryPoint\",\"urlTemplate\":\"https:\/\/flexlan.com.br\/site\/?s={search_term_string}\"},\"query-input\":\"required name=search_term_string\"}],\"inLanguage\":\"pt-BR\"},{\"@type\":\"Organization\",\"@id\":\"https:\/\/flexlan.com.br\/site\/#organization\",\"name\":\"Flexlan inform\u00e1tica\",\"alternateName\":\"Suprimentos e Manuten\u00e7\u00e3o de Computadores e Notebooks\",\"url\":\"https:\/\/flexlan.com.br\/site\/\",\"logo\":{\"@type\":\"ImageObject\",\"inLanguage\":\"pt-BR\",\"@id\":\"https:\/\/flexlan.com.br\/site\/#\/schema\/logo\/image\/\",\"url\":\"https:\/\/flexlan.com.br\/site\/wp-content\/uploads\/2022\/03\/Logo2022.png\",\"contentUrl\":\"https:\/\/flexlan.com.br\/site\/wp-content\/uploads\/2022\/03\/Logo2022.png\",\"width\":796,\"height\":228,\"caption\":\"Flexlan inform\u00e1tica\"},\"image\":{\"@id\":\"https:\/\/flexlan.com.br\/site\/#\/schema\/logo\/image\/\"},\"sameAs\":[\"https:\/\/www.facebook.com\/FlexLanInformatica\",\"https:\/\/instagram.com\/flexlan\"]}]}<\/script>\n<!-- \/ Yoast SEO plugin. -->","yoast_head_json":{"title":"MONITOR GAMER LED 24 SAMSUNG LC24F390 CURVO FULL HD HDMI\/VGA - FLEXLAN Inform\u00e1tica","description":"Suprimentos e Manuten\u00e7\u00e3o de Computadores e Notebooks","robots":{"index":"index","follow":"follow","max-snippet":"max-snippet:-1","max-image-preview":"max-image-preview:large","max-video-preview":"max-video-preview:-1"},"canonical":"https:\/\/flexlan.com.br\/site\/?product=monitor-gamer-led-24-samsung-lc24f390-curvo-full-hd-hdmi-vga","og_locale":"pt_BR","og_type":"article","og_title":"MONITOR GAMER LED 24 SAMSUNG LC24F390 CURVO FULL HD HDMI\/VGA - FLEXLAN Inform\u00e1tica","og_description":"Suprimentos e Manuten\u00e7\u00e3o de Computadores e Notebooks","og_url":"https:\/\/flexlan.com.br\/site\/?product=monitor-gamer-led-24-samsung-lc24f390-curvo-full-hd-hdmi-vga","og_site_name":"FLEXLAN Inform\u00e1tica","article_publisher":"https:\/\/www.facebook.com\/FlexLanInformatica","article_modified_time":"2025-06-10T14:03:59+00:00","og_image":[{"width":1000,"height":1000,"url":"https:\/\/flexlan.com.br\/site\/wp-content\/uploads\/2021\/08\/MONITOR-LED-24-SAMSUNG-LC24F390-CURVO-FULL-HD.jpg","type":"image\/jpeg"}],"twitter_card":"summary_large_image","schema":{"@context":"https:\/\/schema.org","@graph":[{"@type":["WebPage","ItemPage"],"@id":"https:\/\/flexlan.com.br\/site\/?product=monitor-gamer-led-24-samsung-lc24f390-curvo-full-hd-hdmi-vga","url":"https:\/\/flexlan.com.br\/site\/?product=monitor-gamer-led-24-samsung-lc24f390-curvo-full-hd-hdmi-vga","name":"MONITOR GAMER LED 24 SAMSUNG LC24F390 CURVO FULL HD HDMI\/VGA - FLEXLAN Inform\u00e1tica","isPartOf":{"@id":"https:\/\/flexlan.com.br\/site\/#website"},"datePublished":"2021-08-25T21:24:54+00:00","dateModified":"2025-06-10T14:03:59+00:00","description":"Suprimentos e Manuten\u00e7\u00e3o de Computadores e Notebooks","breadcrumb":{"@id":"https:\/\/flexlan.com.br\/site\/?product=monitor-gamer-led-24-samsung-lc24f390-curvo-full-hd-hdmi-vga#breadcrumb"},"inLanguage":"pt-BR","potentialAction":[{"@type":"ReadAction","target":["https:\/\/flexlan.com.br\/site\/?product=monitor-gamer-led-24-samsung-lc24f390-curvo-full-hd-hdmi-vga"]}]},{"@type":"BreadcrumbList","@id":"https:\/\/flexlan.com.br\/site\/?product=monitor-gamer-led-24-samsung-lc24f390-curvo-full-hd-hdmi-vga#breadcrumb","itemListElement":[{"@type":"ListItem","position":1,"name":"In\u00edcio","item":"https:\/\/flexlan.com.br\/site\/"},{"@type":"ListItem","position":2,"name":"Shop","item":"https:\/\/flexlan.com.br\/site\/?page_id=28271"},{"@type":"ListItem","position":3,"name":"MONITOR GAMER LED 24 SAMSUNG LC24F390 CURVO FULL HD HDMI\/VGA"}]},{"@type":"WebSite","@id":"https:\/\/flexlan.com.br\/site\/#website","url":"https:\/\/flexlan.com.br\/site\/","name":"FLEXLAN Inform\u00e1tica","description":"Suprimentos e Manuten\u00e7\u00e3o de Computadores e Notebooks","publisher":{"@id":"https:\/\/flexlan.com.br\/site\/#organization"},"alternateName":"FLEXLAN Inform\u00e1tica","potentialAction":[{"@type":"SearchAction","target":{"@type":"EntryPoint","urlTemplate":"https:\/\/flexlan.com.br\/site\/?s={search_term_string}"},"query-input":"required name=search_term_string"}],"inLanguage":"pt-BR"},{"@type":"Organization","@id":"https:\/\/flexlan.com.br\/site\/#organization","name":"Flexlan inform\u00e1tica","alternateName":"Suprimentos e Manuten\u00e7\u00e3o de Computadores e Notebooks","url":"https:\/\/flexlan.com.br\/site\/","logo":{"@type":"ImageObject","inLanguage":"pt-BR","@id":"https:\/\/flexlan.com.br\/site\/#\/schema\/logo\/image\/","url":"https:\/\/flexlan.com.br\/site\/wp-content\/uploads\/2022\/03\/Logo2022.png","contentUrl":"https:\/\/flexlan.com.br\/site\/wp-content\/uploads\/2022\/03\/Logo2022.png","width":796,"height":228,"caption":"Flexlan inform\u00e1tica"},"image":{"@id":"https:\/\/flexlan.com.br\/site\/#\/schema\/logo\/image\/"},"sameAs":["https:\/\/www.facebook.com\/FlexLanInformatica","https:\/\/instagram.com\/flexlan"]}]}},"_links":{"self":[{"href":"https:\/\/flexlan.com.br\/site\/index.php?rest_route=\/wp\/v2\/product\/18882"}],"collection":[{"href":"https:\/\/flexlan.com.br\/site\/index.php?rest_route=\/wp\/v2\/product"}],"about":[{"href":"https:\/\/flexlan.com.br\/site\/index.php?rest_route=\/wp\/v2\/types\/product"}],"replies":[{"embeddable":true,"href":"https:\/\/flexlan.com.br\/site\/index.php?rest_route=%2Fwp%2Fv2%2Fcomments&post=18882"}],"wp:featuredmedia":[{"embeddable":true,"href":"https:\/\/flexlan.com.br\/site\/index.php?rest_route=\/wp\/v2\/media\/18883"}],"wp:attachment":[{"href":"https:\/\/flexlan.com.br\/site\/index.php?rest_route=%2Fwp%2Fv2%2Fmedia&parent=18882"}],"wp:term":[{"taxonomy":"product_cat","embeddable":true,"href":"https:\/\/flexlan.com.br\/site\/index.php?rest_route=%2Fwp%2Fv2%2Fproduct_cat&post=18882"},{"taxonomy":"product_tag","embeddable":true,"href":"https:\/\/flexlan.com.br\/site\/index.php?rest_route=%2Fwp%2Fv2%2Fproduct_tag&post=18882"}],"curies":[{"name":"wp","href":"https:\/\/api.w.org\/{rel}","templated":true}]}}